CRAN Package Check Results for Package rGammaGamma

Last updated on 2017-02-24 23:52:49.

Flavor Version Tinstall Tcheck Ttotal Status Flags
r-devel-linux-x86_64-debian-clang 1.0.12 0.60 10.97 11.57 NOTE
r-devel-linux-x86_64-debian-gcc 1.0.12 0.58 10.89 11.47 NOTE
r-devel-linux-x86_64-fedora-clang 1.0.12 19.87 NOTE --no-stop-on-test-error
r-devel-linux-x86_64-fedora-gcc 1.0.12 17.31 NOTE --no-stop-on-test-error
r-devel-macos-x86_64-clang 1.0.12 17.71 NOTE --no-stop-on-test-error
r-devel-windows-ix86+x86_64 1.0.12 3.00 36.00 39.00 NOTE
r-patched-linux-x86_64 1.0.12 0.51 9.24 9.75 NOTE
r-patched-solaris-sparc 1.0.12 103.90 NOTE
r-patched-solaris-x86 1.0.12 23.80 NOTE
r-release-linux-x86_64 1.0.12 0.54 9.13 9.68 NOTE
r-release-osx-x86_64-mavericks 1.0.12 NOTE
r-release-windows-ix86+x86_64 1.0.12 3.00 25.00 28.00 NOTE
r-oldrel-windows-ix86+x86_64 1.0.12 4.00 30.00 34.00 NOTE

Check Details

Version: 1.0.12
Check: DESCRIPTION meta-information
Result: NOTE
    Malformed Title field: should not end in a period.
Flavors: r-devel-linux-x86_64-debian-clang, r-devel-linux-x86_64-debian-gcc, r-devel-windows-ix86+x86_64, r-patched-linux-x86_64, r-patched-solaris-sparc, r-patched-solaris-x86, r-release-linux-x86_64, r-release-osx-x86_64-mavericks, r-release-windows-ix86+x86_64, r-oldrel-windows-ix86+x86_64

Version: 1.0.12
Check: dependencies in R code
Result: NOTE
    Package in Depends field not imported from: ‘gsl’
     These packages need to be imported from (in the NAMESPACE file)
     for when this namespace is loaded but not attached.
Flavors: r-devel-linux-x86_64-debian-clang, r-devel-linux-x86_64-debian-gcc, r-devel-windows-ix86+x86_64, r-patched-linux-x86_64, r-patched-solaris-sparc, r-patched-solaris-x86, r-release-linux-x86_64, r-release-osx-x86_64-mavericks, r-release-windows-ix86+x86_64, r-oldrel-windows-ix86+x86_64

Version: 1.0.12
Check: R code for possible problems
Result: NOTE
    gammaIntegral: no visible global function definition for ‘integrate’
    gammaIntegral : <anonymous>: no visible global function definition for
     ‘hyperg_1F1’
    gammaMLE: no visible global function definition for ‘weighted.mean’
    gammaMME: no visible binding for global variable ‘sd’
    gammaMME: no visible binding for global variable ‘var’
    Undefined global functions or variables:
     hyperg_1F1 integrate sd var weighted.mean
    Consider adding
     importFrom("stats", "integrate", "sd", "var", "weighted.mean")
    to your NAMESPACE file.
Flavors: r-devel-linux-x86_64-debian-clang, r-devel-linux-x86_64-debian-gcc, r-devel-windows-ix86+x86_64, r-patched-linux-x86_64, r-patched-solaris-sparc, r-patched-solaris-x86, r-release-linux-x86_64, r-release-osx-x86_64-mavericks, r-release-windows-ix86+x86_64

Version: 1.0.12
Flags: --no-stop-on-test-error
Check: DESCRIPTION meta-information
Result: NOTE
    Malformed Title field: should not end in a period.
Flavors: r-devel-linux-x86_64-fedora-clang, r-devel-linux-x86_64-fedora-gcc, r-devel-macos-x86_64-clang

Version: 1.0.12
Flags: --no-stop-on-test-error
Check: dependencies in R code
Result: NOTE
    Package in Depends field not imported from: ‘gsl’
     These packages need to be imported from (in the NAMESPACE file)
     for when this namespace is loaded but not attached.
Flavors: r-devel-linux-x86_64-fedora-clang, r-devel-linux-x86_64-fedora-gcc, r-devel-macos-x86_64-clang

Version: 1.0.12
Flags: --no-stop-on-test-error
Check: R code for possible problems
Result: NOTE
    gammaIntegral: no visible global function definition for ‘integrate’
    gammaIntegral : <anonymous>: no visible global function definition for
     ‘hyperg_1F1’
    gammaMLE: no visible global function definition for ‘weighted.mean’
    gammaMME: no visible binding for global variable ‘sd’
    gammaMME: no visible binding for global variable ‘var’
    Undefined global functions or variables:
     hyperg_1F1 integrate sd var weighted.mean
    Consider adding
     importFrom("stats", "integrate", "sd", "var", "weighted.mean")
    to your NAMESPACE file.
Flavors: r-devel-linux-x86_64-fedora-clang, r-devel-linux-x86_64-fedora-gcc, r-devel-macos-x86_64-clang

Version: 1.0.12
Check: R code for possible problems
Result: NOTE
    gammaIntegral : <anonymous>: no visible global function definition for
     'hyperg_1F1'
Flavor: r-oldrel-windows-ix86+x86_64