CRAN Package Check Results for Package rTensor

Last updated on 2017-02-24 23:52:52.

Flavor Version Tinstall Tcheck Ttotal Status Flags
r-devel-linux-x86_64-debian-clang 1.3 5.02 22.68 27.71 OK
r-devel-linux-x86_64-debian-gcc 1.3 5.38 22.70 28.08 OK
r-devel-linux-x86_64-fedora-clang 1.3 55.90 NOTE --no-stop-on-test-error
r-devel-linux-x86_64-fedora-gcc 1.3 49.70 NOTE --no-stop-on-test-error
r-devel-macos-x86_64-clang 1.3 43.42 NOTE --no-stop-on-test-error
r-devel-windows-ix86+x86_64 1.3 11.00 65.00 76.00 NOTE
r-patched-linux-x86_64 1.3 5.04 20.17 25.21 OK
r-patched-solaris-sparc 1.3 274.00 NOTE
r-patched-solaris-x86 1.3 65.90 NOTE
r-release-linux-x86_64 1.3 5.19 20.32 25.51 OK
r-release-osx-x86_64-mavericks 1.3 NOTE
r-release-windows-ix86+x86_64 1.3 11.00 42.00 53.00 NOTE
r-oldrel-windows-ix86+x86_64 1.3 11.00 43.00 54.00 NOTE

Check Details

Version: 1.3
Flags: --no-stop-on-test-error
Check: installed package size
Result: NOTE
     installed size is 6.0Mb
     sub-directories of 1Mb or more:
     data 5.7Mb
Flavors: r-devel-linux-x86_64-fedora-clang, r-devel-linux-x86_64-fedora-gcc, r-devel-macos-x86_64-clang

Version: 1.3
Check: installed package size
Result: NOTE
     installed size is 5.9Mb
     sub-directories of 1Mb or more:
     data 5.7Mb
Flavors: r-devel-windows-ix86+x86_64, r-patched-solaris-sparc, r-patched-solaris-x86, r-release-osx-x86_64-mavericks, r-release-windows-ix86+x86_64, r-oldrel-windows-ix86+x86_64