CRAN Package Check Results for Package radiant

Last updated on 2017-02-24 23:52:46.

Flavor Version Tinstall Tcheck Ttotal Status Flags
r-devel-linux-x86_64-debian-clang 0.6.0 6.22 83.78 90.00 OK
r-devel-linux-x86_64-debian-gcc 0.6.0 6.33 81.98 88.31 OK
r-devel-linux-x86_64-fedora-clang 0.6.0 213.65 NOTE --no-stop-on-test-error
r-devel-linux-x86_64-fedora-gcc 0.6.0 191.55 NOTE --no-stop-on-test-error
r-devel-macos-x86_64-clang 0.6.0 150.07 NOTE --no-stop-on-test-error
r-devel-windows-ix86+x86_64 0.6.0 24.00 203.00 227.00 OK
r-patched-linux-x86_64 0.6.0 6.14 77.70 83.84 OK
r-patched-solaris-sparc 0.6.0 942.70 NOTE
r-patched-solaris-x86 0.6.0 240.00 NOTE
r-release-linux-x86_64 0.6.0 5.85 78.29 84.14 OK
r-release-osx-x86_64-mavericks 0.6.0 NOTE
r-release-windows-ix86+x86_64 0.6.0 29.00 218.00 247.00 OK

Check Details

Version: 0.6.0
Flags: --no-stop-on-test-error
Check: dependencies in R code
Result: NOTE
    Namespaces in Imports field not imported from:
     ‘AlgDesign’ ‘psych’
     All declared Imports should be used.
Flavors: r-devel-linux-x86_64-fedora-clang, r-devel-linux-x86_64-fedora-gcc, r-devel-macos-x86_64-clang

Version: 0.6.0
Check: dependencies in R code
Result: NOTE
    Namespaces in Imports field not imported from:
     ‘AlgDesign’ ‘psych’
     All declared Imports should be used.
Flavors: r-patched-solaris-sparc, r-patched-solaris-x86, r-release-osx-x86_64-mavericks