Last updated on 2017-02-24 23:52:46.
Flavor | Version | Tinstall | Tcheck | Ttotal | Status | Flags |
---|---|---|---|---|---|---|
r-devel-linux-x86_64-debian-clang | 0.6.0 | 5.41 | 72.01 | 77.41 | OK | |
r-devel-linux-x86_64-debian-gcc | 0.6.0 | 5.22 | 71.26 | 76.48 | OK | |
r-devel-linux-x86_64-fedora-clang | 0.6.0 | 181.24 | NOTE | --no-stop-on-test-error | ||
r-devel-linux-x86_64-fedora-gcc | 0.6.0 | 161.88 | NOTE | --no-stop-on-test-error | ||
r-devel-macos-x86_64-clang | 0.6.0 | 128.20 | NOTE | --no-stop-on-test-error | ||
r-devel-windows-ix86+x86_64 | 0.6.0 | 29.00 | 176.00 | 205.00 | OK | |
r-patched-linux-x86_64 | 0.6.0 | 5.35 | 66.03 | 71.38 | OK | |
r-patched-solaris-sparc | 0.6.0 | 862.00 | NOTE | |||
r-patched-solaris-x86 | 0.6.0 | 193.90 | NOTE | |||
r-release-linux-x86_64 | 0.6.0 | 5.77 | 66.66 | 72.43 | OK | |
r-release-osx-x86_64-mavericks | 0.6.0 | NOTE | ||||
r-release-windows-ix86+x86_64 | 0.6.0 | 29.00 | 112.00 | 141.00 | OK |
Version: 0.6.0
Flags: --no-stop-on-test-error
Check: data for non-ASCII characters
Result: NOTE
Note: found 1 marked UTF-8 string
Flavors: r-devel-linux-x86_64-fedora-clang, r-devel-linux-x86_64-fedora-gcc, r-devel-macos-x86_64-clang
Version: 0.6.0
Check: data for non-ASCII characters
Result: NOTE
Note: found 1 marked UTF-8 string
Flavors: r-patched-solaris-sparc, r-patched-solaris-x86, r-release-osx-x86_64-mavericks