CRAN Package Check Results for Package ramidst

Last updated on 2017-02-24 23:52:46.

Flavor Version Tinstall Tcheck Ttotal Status Flags
r-devel-linux-x86_64-debian-clang 0.1.0 1.91 20.70 22.61 OK
r-devel-linux-x86_64-debian-gcc 0.1.0 1.72 20.67 22.39 OK
r-devel-linux-x86_64-fedora-clang 0.1.0 51.91 OK --no-stop-on-test-error
r-devel-linux-x86_64-fedora-gcc 0.1.0 43.47 OK --no-stop-on-test-error
r-devel-macos-x86_64-clang 0.1.0 37.54 OK --no-stop-on-test-error
r-devel-windows-ix86+x86_64 0.1.0 7.00 56.00 63.00 OK
r-patched-linux-x86_64 0.1.0 1.56 17.65 19.21 OK
r-patched-solaris-sparc 0.1.0 211.30 ERROR
r-patched-solaris-x86 0.1.0 46.10 ERROR
r-release-linux-x86_64 0.1.0 1.47 17.67 19.14 OK
r-release-osx-x86_64-mavericks 0.1.0 ERROR
r-release-windows-ix86+x86_64 0.1.0 6.00 39.00 45.00 OK

Check Details

Version: 0.1.0
Check: examples
Result: ERROR
    Running examples in ‘ramidst-Ex.R’ failed
    The error most likely occurred in:
    
    > ### Name: dbn_generator
    > ### Title: Generates a random dynamic Bayesian network
    > ### Aliases: dbn_generator
    >
    > ### ** Examples
    >
    > d <- dbn_generator(3,2,2)
    Error in .jfindClass(as.character(class)) : class not found
    Calls: dbn_generator -> J -> jclassName -> .jfindClass
    Execution halted
Flavors: r-patched-solaris-sparc, r-patched-solaris-x86, r-release-osx-x86_64-mavericks