Last updated on 2017-02-24 23:52:46.
Flavor | Version | Tinstall | Tcheck | Ttotal | Status | Flags |
---|---|---|---|---|---|---|
r-devel-linux-x86_64-debian-clang | 0.6.0 | 34.03 | 26.85 | 60.88 | NOTE | |
r-devel-linux-x86_64-debian-gcc | 0.6.0 | 36.00 | 26.57 | 62.57 | NOTE | |
r-devel-linux-x86_64-fedora-clang | 0.6.0 | 129.98 | NOTE | --no-stop-on-test-error | ||
r-devel-linux-x86_64-fedora-gcc | 0.6.0 | 121.77 | NOTE | --no-stop-on-test-error | ||
r-devel-macos-x86_64-clang | 0.6.0 | 87.52 | NOTE | --no-stop-on-test-error | ||
r-devel-windows-ix86+x86_64 | 0.6.0 | 212.00 | 114.00 | 326.00 | OK | |
r-patched-linux-x86_64 | 0.6.0 | 34.84 | 23.46 | 58.31 | OK | |
r-patched-solaris-sparc | 0.6.0 | 1279.80 | OK | |||
r-patched-solaris-x86 | 0.6.0 | 357.40 | OK | |||
r-release-linux-x86_64 | 0.6.0 | 34.93 | 23.82 | 58.75 | OK | |
r-release-osx-x86_64-mavericks | 0.6.0 | OK | ||||
r-release-windows-ix86+x86_64 | 0.6.0 | 154.00 | 95.00 | 249.00 | OK | |
r-oldrel-windows-ix86+x86_64 | 0.6.0 | 164.00 | 107.00 | 271.00 | OK |
Version: 0.6.0
Check: compiled code
Result: NOTE
File ‘ranger/libs/ranger.so’:
Found no calls to: ‘R_registerRoutines’, ‘R_useDynamicSymbols’
It is good practice to register native routines and to disable symbol
search.
See ‘Writing portable packages’ in the ‘Writing R Extensions’ manual.
Flavors: r-devel-linux-x86_64-debian-clang, r-devel-linux-x86_64-debian-gcc
Version: 0.6.0
Flags: --no-stop-on-test-error
Check: installed package size
Result: NOTE
installed size is 5.0Mb
sub-directories of 1Mb or more:
libs 4.9Mb
Flavors: r-devel-linux-x86_64-fedora-clang, r-devel-linux-x86_64-fedora-gcc
Version: 0.6.0
Flags: --no-stop-on-test-error
Check: compiled code
Result: NOTE
File ‘ranger/libs/ranger.so’:
Found no calls to: ‘R_registerRoutines’, ‘R_useDynamicSymbols’
It is good practice to register native routines and to disable symbol
search.
See ‘Writing portable packages’ in the ‘Writing R Extensions’ manual.
Flavors: r-devel-linux-x86_64-fedora-clang, r-devel-linux-x86_64-fedora-gcc, r-devel-macos-x86_64-clang