Last updated on 2017-02-24 23:52:49.
Flavor | Version | Tinstall | Tcheck | Ttotal | Status | Flags |
---|---|---|---|---|---|---|
r-devel-linux-x86_64-debian-clang | 1.0.0 | 0.76 | 108.88 | 109.64 | OK | |
r-devel-linux-x86_64-debian-gcc | 1.0.0 | 0.76 | 104.27 | 105.04 | OK | |
r-devel-linux-x86_64-fedora-clang | 1.0.0 | 212.52 | NOTE | --no-stop-on-test-error | ||
r-devel-linux-x86_64-fedora-gcc | 1.0.0 | 203.39 | NOTE | --no-stop-on-test-error | ||
r-devel-macos-x86_64-clang | 1.0.0 | 144.74 | NOTE | --no-stop-on-test-error | ||
r-devel-windows-ix86+x86_64 | 1.0.0 | 5.00 | 212.00 | 217.00 | OK | |
r-patched-linux-x86_64 | 1.0.0 | 0.84 | 113.28 | 114.12 | OK | |
r-patched-solaris-sparc | 1.0.0 | 1262.10 | NOTE | |||
r-patched-solaris-x86 | 1.0.0 | 220.00 | NOTE | |||
r-release-linux-x86_64 | 1.0.0 | 0.83 | 112.32 | 113.15 | OK | |
r-release-osx-x86_64-mavericks | 1.0.0 | NOTE | ||||
r-release-windows-ix86+x86_64 | 1.0.0 | 3.00 | 172.00 | 175.00 | OK |
Version: 1.0.0
Flags: --no-stop-on-test-error
Check: dependencies in R code
Result: NOTE
Namespace in Imports field not imported from: ‘spatstat’
All declared Imports should be used.
Flavors: r-devel-linux-x86_64-fedora-clang, r-devel-linux-x86_64-fedora-gcc, r-devel-macos-x86_64-clang
Version: 1.0.0
Check: dependencies in R code
Result: NOTE
Namespace in Imports field not imported from: ‘spatstat’
All declared Imports should be used.
Flavors: r-patched-solaris-sparc, r-patched-solaris-x86, r-release-osx-x86_64-mavericks