Last updated on 2017-02-24 23:52:49.
Flavor | Version | Tinstall | Tcheck | Ttotal | Status | Flags |
---|---|---|---|---|---|---|
r-devel-linux-x86_64-debian-clang | 0.3.4 | 1.60 | 31.36 | 32.96 | OK | |
r-devel-linux-x86_64-debian-gcc | 0.3.4 | 1.48 | 31.11 | 32.59 | OK | |
r-devel-linux-x86_64-fedora-clang | 0.3.4 | 62.57 | NOTE | --no-stop-on-test-error | ||
r-devel-linux-x86_64-fedora-gcc | 0.3.4 | 54.78 | NOTE | --no-stop-on-test-error | ||
r-devel-macos-x86_64-clang | 0.3.4 | 47.52 | NOTE | --no-stop-on-test-error | ||
r-devel-windows-ix86+x86_64 | 0.3.4 | 17.00 | 74.00 | 91.00 | NOTE | |
r-patched-linux-x86_64 | 0.3.4 | 1.53 | 27.54 | 29.07 | OK | |
r-patched-solaris-sparc | 0.3.4 | 206.70 | WARN | |||
r-patched-solaris-x86 | 0.3.4 | 41.50 | WARN | |||
r-release-linux-x86_64 | 0.3.4 | 1.72 | 27.20 | 28.92 | OK | |
r-release-osx-x86_64-mavericks | 0.3.4 | WARN | ||||
r-release-windows-ix86+x86_64 | 0.3.4 | 12.00 | 87.00 | 99.00 | NOTE | |
r-oldrel-windows-ix86+x86_64 | 0.3.4 | 17.00 | 79.00 | 96.00 | NOTE |
Version: 0.3.4
Flags: --no-stop-on-test-error
Check: installed package size
Result: NOTE
installed size is 10.5Mb
sub-directories of 1Mb or more:
doc 9.5Mb
Flavors: r-devel-linux-x86_64-fedora-clang, r-devel-linux-x86_64-fedora-gcc, r-devel-macos-x86_64-clang
Version: 0.3.4
Check: installed package size
Result: NOTE
installed size is 10.4Mb
sub-directories of 1Mb or more:
doc 9.5Mb
Flavors: r-devel-windows-ix86+x86_64, r-patched-solaris-sparc, r-patched-solaris-x86, r-release-osx-x86_64-mavericks, r-release-windows-ix86+x86_64, r-oldrel-windows-ix86+x86_64
Version: 0.3.4
Check: re-building of vignette outputs
Result: WARN
Error in re-building vignettes:
...
Warning in engine$weave(file, quiet = quiet, encoding = enc) :
Pandoc (>= 1.12.3) and/or pandoc-citeproc not available. Falling back to R Markdown v1.
Quitting from lines 34-47 (intro_rhandsontable.Rmd)
Error: processing vignette 'intro_rhandsontable.Rmd' failed with diagnostics:
cannot open the connection
Execution halted
Flavors: r-patched-solaris-sparc, r-patched-solaris-x86
Version: 0.3.4
Check: re-building of vignette outputs
Result: WARN
Error in re-building vignettes:
...
Warning: It seems you should call rmarkdown::render() instead of knitr::knit2html() because intro_rhandsontable.Rmd appears to be an R Markdown v2 document.
Quitting from lines 34-47 (intro_rhandsontable.Rmd)
Error: processing vignette 'intro_rhandsontable.Rmd' failed with diagnostics:
cannot open the connection
Execution halted
Flavor: r-release-osx-x86_64-mavericks