Last updated on 2017-02-24 23:52:50.
Flavor | Version | Tinstall | Tcheck | Ttotal | Status | Flags |
---|---|---|---|---|---|---|
r-devel-linux-x86_64-debian-clang | 2.0-4 | 3.14 | 39.12 | 42.26 | NOTE | |
r-devel-linux-x86_64-debian-gcc | 2.0-4 | 3.18 | 38.41 | 41.59 | NOTE | |
r-devel-linux-x86_64-fedora-clang | 2.0-4 | 102.63 | NOTE | --no-stop-on-test-error | ||
r-devel-linux-x86_64-fedora-gcc | 2.0-4 | 91.99 | NOTE | --no-stop-on-test-error | ||
r-devel-macos-x86_64-clang | 2.0-4 | 71.81 | NOTE | --no-stop-on-test-error | ||
r-devel-windows-ix86+x86_64 | 2.0-4 | 14.00 | 111.00 | 125.00 | NOTE | |
r-patched-linux-x86_64 | 2.0-4 | 2.97 | 35.04 | 38.01 | NOTE | |
r-patched-solaris-sparc | 2.0-4 | 466.50 | NOTE | |||
r-patched-solaris-x86 | 2.0-4 | 113.10 | NOTE | |||
r-release-linux-x86_64 | 2.0-4 | 3.00 | 35.89 | 38.89 | NOTE | |
r-release-osx-x86_64-mavericks | 2.0-4 | NOTE | ||||
r-release-windows-ix86+x86_64 | 2.0-4 | 11.00 | 86.00 | 97.00 | NOTE | |
r-oldrel-windows-ix86+x86_64 | 2.0-4 | 12.00 | 88.00 | 100.00 | OK |
Version: 2.0-4
Check: R code for possible problems
Result: NOTE
Tbsb : ksiint: no visible global function definition for ‘pgamma’
Tbsb: no visible global function definition for ‘pchisq’
Tbsc: no visible global function definition for ‘qchisq’
riv_classical: no visible global function definition for ‘cov’
riv_classical: no visible global function definition for ‘pt’
riv_sest: no visible global function definition for ‘pt’
riv_sest: no visible global function definition for ‘mad’
riv_sest: no visible global function definition for ‘mahalanobis’
riv_withDummies: no visible global function definition for ‘coef’
riv_withDummies : <anonymous>: no visible global function definition
for ‘coef’
Undefined global functions or variables:
coef cov mad mahalanobis pchisq pgamma pt qchisq
Consider adding
importFrom("stats", "coef", "cov", "mad", "mahalanobis", "pchisq",
"pgamma", "pt", "qchisq")
to your NAMESPACE file.
Flavors: r-devel-linux-x86_64-debian-clang, r-devel-linux-x86_64-debian-gcc, r-devel-windows-ix86+x86_64, r-patched-linux-x86_64, r-patched-solaris-sparc, r-patched-solaris-x86, r-release-linux-x86_64, r-release-osx-x86_64-mavericks, r-release-windows-ix86+x86_64
Version: 2.0-4
Flags: --no-stop-on-test-error
Check: R code for possible problems
Result: NOTE
Tbsb : ksiint: no visible global function definition for ‘pgamma’
Tbsb: no visible global function definition for ‘pchisq’
Tbsc: no visible global function definition for ‘qchisq’
riv_classical: no visible global function definition for ‘cov’
riv_classical: no visible global function definition for ‘pt’
riv_sest: no visible global function definition for ‘pt’
riv_sest: no visible global function definition for ‘mad’
riv_sest: no visible global function definition for ‘mahalanobis’
riv_withDummies: no visible global function definition for ‘coef’
riv_withDummies : <anonymous>: no visible global function definition
for ‘coef’
Undefined global functions or variables:
coef cov mad mahalanobis pchisq pgamma pt qchisq
Consider adding
importFrom("stats", "coef", "cov", "mad", "mahalanobis", "pchisq",
"pgamma", "pt", "qchisq")
to your NAMESPACE file.
Flavors: r-devel-linux-x86_64-fedora-clang, r-devel-linux-x86_64-fedora-gcc, r-devel-macos-x86_64-clang