CRAN Package Check Results for Package rlas

Last updated on 2017-02-24 23:52:50.

Flavor Version Tinstall Tcheck Ttotal Status Flags
r-devel-linux-x86_64-debian-clang 1.1.0 1.79 2.44 4.23 ERROR
r-devel-linux-x86_64-debian-gcc 1.1.0 52.16 14.54 66.70 NOTE
r-devel-linux-x86_64-fedora-clang 1.1.0 132.81 NOTE --no-stop-on-test-error
r-devel-linux-x86_64-fedora-gcc 1.1.0 126.22 NOTE --no-stop-on-test-error
r-devel-macos-x86_64-clang 1.1.0 82.90 NOTE --no-stop-on-test-error
r-devel-windows-ix86+x86_64 1.1.0 387.00 77.00 464.00 OK
r-patched-linux-x86_64 1.1.0 44.55 12.11 56.67 OK
r-patched-solaris-sparc 1.1.0 589.40 OK
r-patched-solaris-x86 1.1.0 137.80 OK
r-release-linux-x86_64 1.1.0 45.18 12.05 57.23 OK
r-release-osx-x86_64-mavericks 1.1.0 NOTE
r-release-windows-ix86+x86_64 1.1.0 284.00 71.00 355.00 OK
r-oldrel-windows-ix86+x86_64 1.1.0 336.00 64.00 400.00 OK

Check Details

Version: 1.1.0
Check: whether package can be installed
Result: ERROR
    Installation failed.
Flavor: r-devel-linux-x86_64-debian-clang

Version: 1.1.0
Check: compiled code
Result: NOTE
    File ‘rlas/libs/rlas.so’:
     Found no calls to: ‘R_registerRoutines’, ‘R_useDynamicSymbols’
    
    It is good practice to register native routines and to disable symbol
    search.
    
    See ‘Writing portable packages’ in the ‘Writing R Extensions’ manual.
Flavor: r-devel-linux-x86_64-debian-gcc

Version: 1.1.0
Flags: --no-stop-on-test-error
Check: compiled code
Result: NOTE
    File ‘rlas/libs/rlas.so’:
     Found no calls to: ‘R_registerRoutines’, ‘R_useDynamicSymbols’
    
    It is good practice to register native routines and to disable symbol
    search.
    
    See ‘Writing portable packages’ in the ‘Writing R Extensions’ manual.
Flavors: r-devel-linux-x86_64-fedora-clang, r-devel-linux-x86_64-fedora-gcc, r-devel-macos-x86_64-clang

Version: 1.1.0
Flags: --no-stop-on-test-error
Check: installed package size
Result: NOTE
     installed size is 7.1Mb
     sub-directories of 1Mb or more:
     libs 7.0Mb
Flavor: r-devel-linux-x86_64-fedora-gcc

Version: 1.1.0
Check: installed package size
Result: NOTE
     installed size is 5.1Mb
     sub-directories of 1Mb or more:
     libs 5.0Mb
Flavor: r-release-osx-x86_64-mavericks