Last updated on 2017-02-24 23:52:50.
Flavor | Version | Tinstall | Tcheck | Ttotal | Status | Flags |
---|---|---|---|---|---|---|
r-devel-linux-x86_64-debian-clang | 1.3 | 2.11 | 31.90 | 34.01 | OK | |
r-devel-linux-x86_64-debian-gcc | 1.3 | 2.00 | 30.51 | 32.51 | OK | |
r-devel-linux-x86_64-fedora-clang | 1.3 | 60.98 | NOTE | --no-stop-on-test-error | ||
r-devel-linux-x86_64-fedora-gcc | 1.3 | 54.95 | NOTE | --no-stop-on-test-error | ||
r-devel-macos-x86_64-clang | 1.3 | 49.79 | NOTE | --no-stop-on-test-error | ||
r-devel-windows-ix86+x86_64 | 1.3 | 13.00 | 58.00 | 71.00 | NOTE | |
r-patched-linux-x86_64 | 1.3 | 2.18 | 30.06 | 32.24 | OK | |
r-patched-solaris-sparc | 1.3 | 359.30 | NOTE | |||
r-patched-solaris-x86 | 1.3 | 71.50 | NOTE | |||
r-release-linux-x86_64 | 1.3 | 2.07 | 29.92 | 31.98 | OK | |
r-release-osx-x86_64-mavericks | 1.3 | NOTE | ||||
r-release-windows-ix86+x86_64 | 1.3 | 13.00 | 78.00 | 91.00 | NOTE | |
r-oldrel-windows-ix86+x86_64 | 1.3 | 13.00 | 73.00 | 86.00 | NOTE |
Version: 1.3
Flags: --no-stop-on-test-error
Check: installed package size
Result: NOTE
installed size is 6.6Mb
sub-directories of 1Mb or more:
rmd 6.1Mb
Flavors: r-devel-linux-x86_64-fedora-clang, r-devel-linux-x86_64-fedora-gcc, r-devel-macos-x86_64-clang
Version: 1.3
Check: installed package size
Result: NOTE
installed size is 6.3Mb
sub-directories of 1Mb or more:
rmd 5.9Mb
Flavors: r-devel-windows-ix86+x86_64, r-patched-solaris-sparc, r-patched-solaris-x86, r-release-osx-x86_64-mavericks, r-release-windows-ix86+x86_64, r-oldrel-windows-ix86+x86_64