Last updated on 2017-02-24 23:52:50.
Flavor | Version | Tinstall | Tcheck | Ttotal | Status | Flags |
---|---|---|---|---|---|---|
r-devel-linux-x86_64-debian-clang | 1.8 | 0.77 | 14.85 | 15.62 | OK | |
r-devel-linux-x86_64-debian-gcc | 1.8 | 0.71 | 14.51 | 15.23 | OK | |
r-devel-linux-x86_64-fedora-clang | 1.8 | 26.93 | NOTE | --no-stop-on-test-error | ||
r-devel-linux-x86_64-fedora-gcc | 1.8 | 24.20 | NOTE | --no-stop-on-test-error | ||
r-devel-macos-x86_64-clang | 1.8 | 22.23 | NOTE | --no-stop-on-test-error | ||
r-devel-windows-ix86+x86_64 | 1.8 | 3.00 | 35.00 | 38.00 | OK | |
r-patched-linux-x86_64 | 1.8 | 0.64 | 12.28 | 12.92 | OK | |
r-patched-solaris-sparc | 1.8 | 139.80 | NOTE | |||
r-patched-solaris-x86 | 1.8 | 29.80 | NOTE | |||
r-release-linux-x86_64 | 1.8 | 0.66 | 12.04 | 12.70 | OK | |
r-release-osx-x86_64-mavericks | 1.8 | NOTE | ||||
r-release-windows-ix86+x86_64 | 1.8 | 7.00 | 66.00 | 73.00 | OK | |
r-oldrel-windows-ix86+x86_64 | 1.8 | 7.00 | 39.00 | 46.00 | NOTE |
Version: 1.8
Flags: --no-stop-on-test-error
Check: data for non-ASCII characters
Result: NOTE
Note: found 6 marked UTF-8 strings
Flavors: r-devel-linux-x86_64-fedora-clang, r-devel-linux-x86_64-fedora-gcc, r-devel-macos-x86_64-clang
Version: 1.8
Check: data for non-ASCII characters
Result: NOTE
Note: found 6 marked UTF-8 strings
Flavors: r-patched-solaris-sparc, r-patched-solaris-x86, r-release-osx-x86_64-mavericks, r-oldrel-windows-ix86+x86_64