Last updated on 2017-02-24 23:52:50.
Flavor | Version | Tinstall | Tcheck | Ttotal | Status | Flags |
---|---|---|---|---|---|---|
r-devel-linux-x86_64-debian-clang | 2016.11-9 | 2.08 | 25.11 | 27.18 | NOTE | |
r-devel-linux-x86_64-debian-gcc | 2016.11-9 | 1.67 | 24.65 | 26.32 | NOTE | |
r-devel-linux-x86_64-fedora-clang | 2016.11-9 | 51.68 | NOTE | --no-stop-on-test-error | ||
r-devel-linux-x86_64-fedora-gcc | 2016.11-9 | 47.43 | NOTE | --no-stop-on-test-error | ||
r-devel-macos-x86_64-clang | 2016.11-9 | 40.15 | NOTE | --no-stop-on-test-error | ||
r-devel-windows-ix86+x86_64 | 2016.11-9 | 23.00 | 87.00 | 110.00 | OK | |
r-patched-linux-x86_64 | 2016.11-9 | 1.76 | 20.68 | 22.44 | OK | |
r-patched-solaris-sparc | 2016.11-9 | 244.50 | OK | |||
r-patched-solaris-x86 | 2016.11-9 | 52.10 | OK | |||
r-release-linux-x86_64 | 2016.11-9 | 1.66 | 20.36 | 22.02 | OK | |
r-release-osx-x86_64-mavericks | 2016.11-9 | OK | ||||
r-release-windows-ix86+x86_64 | 2016.11-9 | 14.00 | 77.00 | 91.00 | OK | |
r-oldrel-windows-ix86+x86_64 | 2016.11-9 | 19.00 | 78.00 | 97.00 | OK |
Version: 2016.11-9
Check: compiled code
Result: NOTE
File ‘robustrank/libs/robustrank.so’:
Found no calls to: ‘R_registerRoutines’, ‘R_useDynamicSymbols’
It is good practice to register native routines and to disable symbol
search.
See ‘Writing portable packages’ in the ‘Writing R Extensions’ manual.
Flavors: r-devel-linux-x86_64-debian-clang, r-devel-linux-x86_64-debian-gcc
Version: 2016.11-9
Flags: --no-stop-on-test-error
Check: compiled code
Result: NOTE
File ‘robustrank/libs/robustrank.so’:
Found no calls to: ‘R_registerRoutines’, ‘R_useDynamicSymbols’
It is good practice to register native routines and to disable symbol
search.
See ‘Writing portable packages’ in the ‘Writing R Extensions’ manual.
Flavors: r-devel-linux-x86_64-fedora-clang, r-devel-linux-x86_64-fedora-gcc, r-devel-macos-x86_64-clang