Last updated on 2017-02-24 23:52:51.
Flavor | Version | Tinstall | Tcheck | Ttotal | Status | Flags |
---|---|---|---|---|---|---|
r-devel-linux-x86_64-debian-clang | 0.1-9 | 22.07 | 31.12 | 53.20 | NOTE | |
r-devel-linux-x86_64-debian-gcc | 0.1-9 | 22.03 | 31.53 | 53.56 | NOTE | |
r-devel-linux-x86_64-fedora-clang | 0.1-9 | 131.37 | NOTE | --no-stop-on-test-error | ||
r-devel-linux-x86_64-fedora-gcc | 0.1-9 | 112.26 | NOTE | --no-stop-on-test-error | ||
r-devel-macos-x86_64-clang | 0.1-9 | 84.10 | NOTE | --no-stop-on-test-error | ||
r-devel-windows-ix86+x86_64 | 0.1-9 | 137.00 | 115.00 | 252.00 | OK | |
r-patched-linux-x86_64 | 0.1-9 | 18.01 | 26.99 | 45.00 | OK | |
r-patched-solaris-sparc | 0.1-9 | 552.00 | OK | |||
r-patched-solaris-x86 | 0.1-9 | 127.20 | OK | |||
r-release-linux-x86_64 | 0.1-9 | 17.63 | 27.31 | 44.94 | OK | |
r-release-osx-x86_64-mavericks | 0.1-9 | OK | ||||
r-release-windows-ix86+x86_64 | 0.1-9 | 92.00 | 144.00 | 236.00 | OK | |
r-oldrel-windows-ix86+x86_64 | 0.1-9 | 125.00 | 140.00 | 265.00 | OK |
Version: 0.1-9
Check: compiled code
Result: NOTE
File ‘robustreg/libs/robustreg.so’:
Found no calls to: ‘R_registerRoutines’, ‘R_useDynamicSymbols’
It is good practice to register native routines and to disable symbol
search.
See ‘Writing portable packages’ in the ‘Writing R Extensions’ manual.
Flavors: r-devel-linux-x86_64-debian-clang, r-devel-linux-x86_64-debian-gcc
Version: 0.1-9
Flags: --no-stop-on-test-error
Check: compiled code
Result: NOTE
File ‘robustreg/libs/robustreg.so’:
Found no calls to: ‘R_registerRoutines’, ‘R_useDynamicSymbols’
It is good practice to register native routines and to disable symbol
search.
See ‘Writing portable packages’ in the ‘Writing R Extensions’ manual.
Flavors: r-devel-linux-x86_64-fedora-clang, r-devel-linux-x86_64-fedora-gcc, r-devel-macos-x86_64-clang