CRAN Package Check Results for Package rodeo

Last updated on 2017-02-24 23:52:51.

Flavor Version Tinstall Tcheck Ttotal Status Flags
r-devel-linux-x86_64-debian-clang 0.7.1 1.34 72.94 74.28 OK
r-devel-linux-x86_64-debian-gcc 0.7.1 1.30 72.29 73.59 OK
r-devel-linux-x86_64-fedora-clang 0.7.1 130.69 OK --no-stop-on-test-error
r-devel-linux-x86_64-fedora-gcc 0.7.1 125.39 OK --no-stop-on-test-error
r-devel-macos-x86_64-clang 0.7.1 104.10 OK --no-stop-on-test-error
r-devel-windows-ix86+x86_64 0.7.1 13.00 154.00 167.00 OK
r-patched-linux-x86_64 0.7.1 1.10 65.77 66.87 OK
r-patched-solaris-sparc 0.7.1 205.70 WARN
r-patched-solaris-x86 0.7.1 42.00 WARN
r-release-linux-x86_64 0.7.1 1.14 67.40 68.55 OK
r-release-osx-x86_64-mavericks 0.7.1 OK
r-release-windows-ix86+x86_64 0.7.1 9.00 111.00 120.00 OK
r-oldrel-windows-ix86+x86_64 0.7.1 17.00 145.00 162.00 OK

Check Details

Version: 0.7.1
Check: re-building of vignette outputs
Result: WARN
    Error in re-building vignettes:
     ...
    Warning in engine$weave(file, quiet = quiet, encoding = enc) :
     Pandoc (>= 1.12.3) and/or pandoc-citeproc not available. Falling back to R Markdown v1.
    f95 -PIC -O -xtarget=native -c /home/ripley/R/packages/tests32/rodeo.Rcheck/vign_test/rodeo/vignettes/vignetteData/fortran/functionsCode.f95 -o /home/ripley/R/packages/tests32/rodeo.Rcheck/vign_test/rodeo/vignettes/vignetteData/fortran/functionsCode.o
    f95 -PIC -O -xtarget=native -c /tmp/RtmpScaOyl/rodeo16c524c1898.f95 -o /tmp/RtmpScaOyl/rodeo16c524c1898.o
    
    module dimensions_and_indices
     ^
    "/tmp/RtmpScaOyl/rodeo16c524c1898.f95", Line = 3, Column = 8: ERROR: The compiler has detected errors in module "DIMENSIONS_AND_INDICES". No module information file will be created for this module.
    
     integer, pointer:: bac => ivar0D(1)
     ^
    "/tmp/RtmpScaOyl/rodeo16c524c1898.f95", Line = 22, Column = 39: ERROR: Illegal pointer assignment.
    
     integer, pointer:: sub => ivar0D(2)
     ^
    "/tmp/RtmpScaOyl/rodeo16c524c1898.f95", Line = 23, Column = 39: ERROR: Illegal pointer assignment.
    
     integer, pointer:: mu => ipar0D(1)
     ^
    "/tmp/RtmpScaOyl/rodeo16c524c1898.f95", Line = 26, Column = 38: ERROR: Illegal pointer assignment.
    
     integer, pointer:: half => ipar0D(2)
     ^
    "/tmp/RtmpScaOyl/rodeo16c524c1898.f95", Line = 27, Column = 40: ERROR: Illegal pointer assignment.
    
     integer, pointer:: yield => ipar0D(3)
     ^
    "/tmp/RtmpScaOyl/rodeo16c524c1898.f95", Line = 28, Column = 41: ERROR: Illegal pointer assignment.
    
     integer, pointer:: vol => ipar0D(4)
     ^
    "/tmp/RtmpScaOyl/rodeo16c524c1898.f95", Line = 29, Column = 39: ERROR: Illegal pointer assignment.
    
     integer, pointer:: flow => ipar0D(5)
     ^
    "/tmp/RtmpScaOyl/rodeo16c524c1898.f95", Line = 30, Column = 40: ERROR: Illegal pointer assignment.
    
     integer, pointer:: sub_in => ipar0D(6)
     ^
    "/tmp/RtmpScaOyl/rodeo16c524c1898.f95", Line = 31, Column = 42: ERROR: Illegal pointer assignment.
    
     integer, pointer:: bac => ivar(1)
     ^
    "/tmp/RtmpScaOyl/rodeo16c524c1898.f95", Line = 38, Column = 37: ERROR: Illegal pointer assignment.
    
     integer, pointer:: sub => ivar(2)
     ^
    "/tmp/RtmpScaOyl/rodeo16c524c1898.f95", Line = 39, Column = 37: ERROR: Illegal pointer assignment.
    
     integer, pointer:: mu => ipar(1)
     ^
    "/tmp/RtmpScaOyl/rodeo16c524c1898.f95", Line = 42, Column = 36: ERROR: Illegal pointer assignment.
    
     integer, pointer:: half => ipar(2)
     ^
    "/tmp/RtmpScaOyl/rodeo16c524c1898.f95", Line = 43, Column = 38: ERROR: Illegal pointer assignment.
    
     integer, pointer:: yield => ipar(3)
     ^
    "/tmp/RtmpScaOyl/rodeo16c524c1898.f95", Line = 44, Column = 39: ERROR: Illegal pointer assignment.
    
     integer, pointer:: vol => ipar(4)
     ^
    "/tmp/RtmpScaOyl/rodeo16c524c1898.f95", Line = 45, Column = 37: ERROR: Illegal pointer assignment.
    
     integer, pointer:: flow => ipar(5)
     ^
    "/tmp/RtmpScaOyl/rodeo16c524c1898.f95", Line = 46, Column = 38: ERROR: Illegal pointer assignment.
    
     integer, pointer:: sub_in => ipar(6)
     ^
    "/tmp/RtmpScaOyl/rodeo16c524c1898.f95", Line = 47, Column = 40: ERROR: Illegal pointer assignment.
    
     integer, pointer:: growth => ipro(1)
     ^
    "/tmp/RtmpScaOyl/rodeo16c524c1898.f95", Line = 50, Column = 40: ERROR: Illegal pointer assignment.
    
     integer, pointer:: inout => ipro(2)
     ^
    "/tmp/RtmpScaOyl/rodeo16c524c1898.f95", Line = 51, Column = 39: ERROR: Illegal pointer assignment.
    
     use dimensions_and_indices
     ^
    "/tmp/RtmpScaOyl/rodeo16c524c1898.f95", Line = 60, Column = 7: ERROR: Module "DIMENSIONS_AND_INDICES" has compile errors, therefore declarations obtained from the module via the USE statement may be incomplete.
    
    f90comp: 128 SOURCE LINES
    f90comp: 20 ERRORS, 0 WARNINGS, 0 OTHER MESSAGES, 0 ANSI
    *** Error code 1
    make: Fatal error: Command failed for target `/tmp/RtmpScaOyl/rodeo16c524c1898.o'
    Current working directory /tmp/RtmpScaOyl
    Quitting from lines 408-408 (rodeoVignette.Rmd)
    Error: processing vignette 'rodeoVignette.Rmd' failed with diagnostics:
    Compilation failed.
    Execution halted
Flavor: r-patched-solaris-sparc

Version: 0.7.1
Check: re-building of vignette outputs
Result: WARN
    Error in re-building vignettes:
     ...
    Warning in engine$weave(file, quiet = quiet, encoding = enc) :
     Pandoc (>= 1.12.3) and/or pandoc-citeproc not available. Falling back to R Markdown v1.
    f95 -PIC -O -libmil -xtarget=native -nofstore -c /home/ripley/R/packages/tests32/rodeo.Rcheck/vign_test/rodeo/vignettes/vignetteData/fortran/functionsCode.f95 -o /home/ripley/R/packages/tests32/rodeo.Rcheck/vign_test/rodeo/vignettes/vignetteData/fortran/functionsCode.o
    f95 -PIC -O -libmil -xtarget=native -nofstore -c /tmp/RtmpvRaaXL/rodeo4b8824a417be.f95 -o /tmp/RtmpvRaaXL/rodeo4b8824a417be.o
    
    module dimensions_and_indices
     ^
    "/tmp/RtmpvRaaXL/rodeo4b8824a417be.f95", Line = 3, Column = 8: ERROR: The compiler has detected errors in module "DIMENSIONS_AND_INDICES". No module information file will be created for this module.
    
     integer, pointer:: bac => ivar0D(1)
     ^
    "/tmp/RtmpvRaaXL/rodeo4b8824a417be.f95", Line = 22, Column = 39: ERROR: Illegal pointer assignment.
    
     integer, pointer:: sub => ivar0D(2)
     ^
    "/tmp/RtmpvRaaXL/rodeo4b8824a417be.f95", Line = 23, Column = 39: ERROR: Illegal pointer assignment.
    
     integer, pointer:: mu => ipar0D(1)
     ^
    "/tmp/RtmpvRaaXL/rodeo4b8824a417be.f95", Line = 26, Column = 38: ERROR: Illegal pointer assignment.
    
     integer, pointer:: half => ipar0D(2)
     ^
    "/tmp/RtmpvRaaXL/rodeo4b8824a417be.f95", Line = 27, Column = 40: ERROR: Illegal pointer assignment.
    
     integer, pointer:: yield => ipar0D(3)
     ^
    "/tmp/RtmpvRaaXL/rodeo4b8824a417be.f95", Line = 28, Column = 41: ERROR: Illegal pointer assignment.
    
     integer, pointer:: vol => ipar0D(4)
     ^
    "/tmp/RtmpvRaaXL/rodeo4b8824a417be.f95", Line = 29, Column = 39: ERROR: Illegal pointer assignment.
    
     integer, pointer:: flow => ipar0D(5)
     ^
    "/tmp/RtmpvRaaXL/rodeo4b8824a417be.f95", Line = 30, Column = 40: ERROR: Illegal pointer assignment.
    
     integer, pointer:: sub_in => ipar0D(6)
     ^
    "/tmp/RtmpvRaaXL/rodeo4b8824a417be.f95", Line = 31, Column = 42: ERROR: Illegal pointer assignment.
    
     integer, pointer:: bac => ivar(1)
     ^
    "/tmp/RtmpvRaaXL/rodeo4b8824a417be.f95", Line = 38, Column = 37: ERROR: Illegal pointer assignment.
    
     integer, pointer:: sub => ivar(2)
     ^
    "/tmp/RtmpvRaaXL/rodeo4b8824a417be.f95", Line = 39, Column = 37: ERROR: Illegal pointer assignment.
    
     integer, pointer:: mu => ipar(1)
     ^
    "/tmp/RtmpvRaaXL/rodeo4b8824a417be.f95", Line = 42, Column = 36: ERROR: Illegal pointer assignment.
    
     integer, pointer:: half => ipar(2)
     ^
    "/tmp/RtmpvRaaXL/rodeo4b8824a417be.f95", Line = 43, Column = 38: ERROR: Illegal pointer assignment.
    
     integer, pointer:: yield => ipar(3)
     ^
    "/tmp/RtmpvRaaXL/rodeo4b8824a417be.f95", Line = 44, Column = 39: ERROR: Illegal pointer assignment.
    
     integer, pointer:: vol => ipar(4)
     ^
    "/tmp/RtmpvRaaXL/rodeo4b8824a417be.f95", Line = 45, Column = 37: ERROR: Illegal pointer assignment.
    
     integer, pointer:: flow => ipar(5)
     ^
    "/tmp/RtmpvRaaXL/rodeo4b8824a417be.f95", Line = 46, Column = 38: ERROR: Illegal pointer assignment.
    
     integer, pointer:: sub_in => ipar(6)
     ^
    "/tmp/RtmpvRaaXL/rodeo4b8824a417be.f95", Line = 47, Column = 40: ERROR: Illegal pointer assignment.
    
     integer, pointer:: growth => ipro(1)
     ^
    "/tmp/RtmpvRaaXL/rodeo4b8824a417be.f95", Line = 50, Column = 40: ERROR: Illegal pointer assignment.
    
     integer, pointer:: inout => ipro(2)
     ^
    "/tmp/RtmpvRaaXL/rodeo4b8824a417be.f95", Line = 51, Column = 39: ERROR: Illegal pointer assignment.
    
     use dimensions_and_indices
     ^
    "/tmp/RtmpvRaaXL/rodeo4b8824a417be.f95", Line = 60, Column = 7: ERROR: Module "DIMENSIONS_AND_INDICES" has compile errors, therefore declarations obtained from the module via the USE statement may be incomplete.
    
    f90comp: 128 SOURCE LINES
    f90comp: 20 ERRORS, 0 WARNINGS, 0 OTHER MESSAGES, 0 ANSI
    *** Error code 1
    make: Fatal error: Command failed for target `/tmp/RtmpvRaaXL/rodeo4b8824a417be.o'
    Current working directory /tmp/RtmpvRaaXL
    Quitting from lines 408-408 (rodeoVignette.Rmd)
    Error: processing vignette 'rodeoVignette.Rmd' failed with diagnostics:
    Compilation failed.
    Execution halted
Flavor: r-patched-solaris-x86