CRAN Package Check Results for Package rr

Last updated on 2017-02-24 23:52:51.

Flavor Version Tinstall Tcheck Ttotal Status Flags
r-devel-linux-x86_64-debian-clang 1.4 4.54 66.13 70.68 NOTE
r-devel-linux-x86_64-debian-gcc 1.4 4.40 64.20 68.60 NOTE
r-devel-linux-x86_64-fedora-clang 1.4 189.16 NOTE --no-stop-on-test-error
r-devel-linux-x86_64-fedora-gcc 1.4 173.99 NOTE --no-stop-on-test-error
r-devel-macos-x86_64-clang 1.4 99.25 NOTE --no-stop-on-test-error
r-devel-windows-ix86+x86_64 1.4 24.00 223.00 247.00 OK
r-patched-linux-x86_64 1.4 4.18 59.25 63.43 OK
r-patched-solaris-sparc 1.4 755.80 OK
r-patched-solaris-x86 1.4 168.00 OK
r-release-linux-x86_64 1.4 4.12 59.97 64.09 OK
r-release-osx-x86_64-mavericks 1.4 OK
r-release-windows-ix86+x86_64 1.4 24.00 189.00 213.00 OK
r-oldrel-windows-ix86+x86_64 1.4 22.00 196.00 218.00 OK

Check Details

Version: 1.4
Check: compiled code
Result: NOTE
    File ‘rr/libs/rr.so’:
     Found no calls to: ‘R_registerRoutines’, ‘R_useDynamicSymbols’
    
    It is good practice to register native routines and to disable symbol
    search.
    
    See ‘Writing portable packages’ in the ‘Writing R Extensions’ manual.
Flavors: r-devel-linux-x86_64-debian-clang, r-devel-linux-x86_64-debian-gcc

Version: 1.4
Flags: --no-stop-on-test-error
Check: compiled code
Result: NOTE
    File ‘rr/libs/rr.so’:
     Found no calls to: ‘R_registerRoutines’, ‘R_useDynamicSymbols’
    
    It is good practice to register native routines and to disable symbol
    search.
    
    See ‘Writing portable packages’ in the ‘Writing R Extensions’ manual.
Flavors: r-devel-linux-x86_64-fedora-clang, r-devel-linux-x86_64-fedora-gcc, r-devel-macos-x86_64-clang