CRAN Package Check Results for Package rtdists

Last updated on 2017-02-24 23:52:52.

Flavor Version Tinstall Tcheck Ttotal Status Flags
r-devel-linux-x86_64-debian-clang 0.6-6 4.18 244.37 248.56 NOTE
r-devel-linux-x86_64-debian-gcc 0.6-6 4.28 237.77 242.05 NOTE
r-devel-linux-x86_64-fedora-clang 0.6-6 574.13 NOTE --no-stop-on-test-error
r-devel-linux-x86_64-fedora-gcc 0.6-6 586.63 NOTE --no-stop-on-test-error
r-devel-macos-x86_64-clang 0.6-6 358.11 NOTE --no-stop-on-test-error
r-devel-windows-ix86+x86_64 0.6-6 26.00 783.00 809.00 OK
r-patched-linux-x86_64 0.6-6 3.93 241.92 245.85 OK
r-patched-solaris-sparc 0.6-6 2927.20 OK
r-patched-solaris-x86 0.6-6 591.70 OK
r-release-linux-x86_64 0.6-6 3.99 248.33 252.32 OK
r-release-osx-x86_64-mavericks 0.6-6 OK
r-release-windows-ix86+x86_64 0.6-6 26.00 809.00 835.00 OK
r-oldrel-windows-ix86+x86_64 0.6-6 26.00 818.00 844.00 OK

Check Details

Version: 0.6-6
Check: compiled code
Result: NOTE
    File ‘rtdists/libs/rtdists.so’:
     Found no calls to: ‘R_registerRoutines’, ‘R_useDynamicSymbols’
    
    It is good practice to register native routines and to disable symbol
    search.
    
    See ‘Writing portable packages’ in the ‘Writing R Extensions’ manual.
Flavors: r-devel-linux-x86_64-debian-clang, r-devel-linux-x86_64-debian-gcc

Version: 0.6-6
Flags: --no-stop-on-test-error
Check: compiled code
Result: NOTE
    File ‘rtdists/libs/rtdists.so’:
     Found no calls to: ‘R_registerRoutines’, ‘R_useDynamicSymbols’
    
    It is good practice to register native routines and to disable symbol
    search.
    
    See ‘Writing portable packages’ in the ‘Writing R Extensions’ manual.
Flavors: r-devel-linux-x86_64-fedora-clang, r-devel-linux-x86_64-fedora-gcc, r-devel-macos-x86_64-clang