CRAN Package Check Results for Package rtop

Last updated on 2017-02-24 23:52:52.

Flavor Version Tinstall Tcheck Ttotal Status Flags
r-devel-linux-x86_64-debian-clang 0.5-10 2.78 55.51 58.29 NOTE
r-devel-linux-x86_64-debian-gcc 0.5-10 2.93 52.35 55.28 NOTE
r-devel-linux-x86_64-fedora-clang 0.5-10 103.30 NOTE --no-stop-on-test-error
r-devel-linux-x86_64-fedora-gcc 0.5-10 103.65 NOTE --no-stop-on-test-error
r-devel-macos-x86_64-clang 0.5-10 79.22 NOTE --no-stop-on-test-error
r-devel-windows-ix86+x86_64 0.5-10 25.00 154.00 179.00 OK
r-patched-linux-x86_64 0.5-10 2.53 47.74 50.27 OK
r-patched-solaris-sparc 0.5-10 579.30 OK
r-patched-solaris-x86 0.5-10 119.70 OK
r-release-linux-x86_64 0.5-10 2.50 46.40 48.90 OK
r-release-osx-x86_64-mavericks 0.5-10 OK
r-release-windows-ix86+x86_64 0.5-10 16.00 100.00 116.00 OK
r-oldrel-windows-ix86+x86_64 0.5-10 16.00 147.00 163.00 OK

Check Details

Version: 0.5-10
Check: compiled code
Result: NOTE
    File ‘rtop/libs/rtop.so’:
     Found no calls to: ‘R_registerRoutines’, ‘R_useDynamicSymbols’
    
    It is good practice to register native routines and to disable symbol
    search.
    
    See ‘Writing portable packages’ in the ‘Writing R Extensions’ manual.
Flavors: r-devel-linux-x86_64-debian-clang, r-devel-linux-x86_64-debian-gcc

Version: 0.5-10
Flags: --no-stop-on-test-error
Check: compiled code
Result: NOTE
    File ‘rtop/libs/rtop.so’:
     Found no calls to: ‘R_registerRoutines’, ‘R_useDynamicSymbols’
    
    It is good practice to register native routines and to disable symbol
    search.
    
    See ‘Writing portable packages’ in the ‘Writing R Extensions’ manual.
Flavors: r-devel-linux-x86_64-fedora-clang, r-devel-linux-x86_64-fedora-gcc, r-devel-macos-x86_64-clang