Last updated on 2017-02-24 23:52:52.
Flavor | Version | Tinstall | Tcheck | Ttotal | Status | Flags |
---|---|---|---|---|---|---|
r-devel-linux-x86_64-debian-clang | 0.2.0 | 8.05 | 117.10 | 125.15 | NOTE | |
r-devel-linux-x86_64-debian-gcc | 0.2.0 | 8.05 | 110.55 | 118.60 | NOTE | |
r-devel-linux-x86_64-fedora-clang | 0.2.0 | 244.47 | NOTE | --no-stop-on-test-error | ||
r-devel-linux-x86_64-fedora-gcc | 0.2.0 | 242.12 | NOTE | --no-stop-on-test-error | ||
r-devel-macos-x86_64-clang | 0.2.0 | 165.37 | NOTE | --no-stop-on-test-error | ||
r-devel-windows-ix86+x86_64 | 0.2.0 | 57.00 | 297.00 | 354.00 | OK | |
r-patched-linux-x86_64 | 0.2.0 | 7.16 | 119.11 | 126.27 | OK | |
r-patched-solaris-sparc | 0.2.0 | 1401.50 | OK | |||
r-patched-solaris-x86 | 0.2.0 | 258.90 | OK | |||
r-release-linux-x86_64 | 0.2.0 | 7.27 | 119.71 | 126.99 | OK | |
r-release-osx-x86_64-mavericks | 0.2.0 | OK | ||||
r-release-windows-ix86+x86_64 | 0.2.0 | 41.00 | 313.00 | 354.00 | OK | |
r-oldrel-windows-ix86+x86_64 | 0.2.0 | 38.00 | 321.00 | 359.00 | OK |
Version: 0.2.0
Check: compiled code
Result: NOTE
File ‘sBIC/libs/sBIC.so’:
Found no calls to: ‘R_registerRoutines’, ‘R_useDynamicSymbols’
It is good practice to register native routines and to disable symbol
search.
See ‘Writing portable packages’ in the ‘Writing R Extensions’ manual.
Flavors: r-devel-linux-x86_64-debian-clang, r-devel-linux-x86_64-debian-gcc
Version: 0.2.0
Flags: --no-stop-on-test-error
Check: compiled code
Result: NOTE
File ‘sBIC/libs/sBIC.so’:
Found no calls to: ‘R_registerRoutines’, ‘R_useDynamicSymbols’
It is good practice to register native routines and to disable symbol
search.
See ‘Writing portable packages’ in the ‘Writing R Extensions’ manual.
Flavors: r-devel-linux-x86_64-fedora-clang, r-devel-linux-x86_64-fedora-gcc, r-devel-macos-x86_64-clang