CRAN Package Check Results for Package scvxclustr

Last updated on 2017-02-24 23:52:53.

Flavor Version Tinstall Tcheck Ttotal Status Flags
r-devel-linux-x86_64-debian-clang 0.1 20.35 34.61 54.95 NOTE
r-devel-linux-x86_64-debian-gcc 0.1 19.20 34.32 53.52 NOTE
r-devel-linux-x86_64-fedora-clang 0.1 121.73 NOTE --no-stop-on-test-error
r-devel-linux-x86_64-fedora-gcc 0.1 118.31 NOTE --no-stop-on-test-error
r-devel-macos-x86_64-clang 0.1 86.22 NOTE --no-stop-on-test-error
r-devel-windows-ix86+x86_64 0.1 107.00 136.00 243.00 OK
r-patched-linux-x86_64 0.1 16.12 30.47 46.59 OK
r-patched-solaris-sparc 0.1 558.60 OK
r-patched-solaris-x86 0.1 129.60 OK
r-release-linux-x86_64 0.1 16.20 30.65 46.85 OK
r-release-osx-x86_64-mavericks 0.1 OK
r-release-windows-ix86+x86_64 0.1 77.00 106.00 183.00 OK
r-oldrel-windows-ix86+x86_64 0.1 70.00 109.00 179.00 OK

Check Details

Version: 0.1
Check: compiled code
Result: NOTE
    File ‘scvxclustr/libs/scvxclustr.so’:
     Found no calls to: ‘R_registerRoutines’, ‘R_useDynamicSymbols’
    
    It is good practice to register native routines and to disable symbol
    search.
    
    See ‘Writing portable packages’ in the ‘Writing R Extensions’ manual.
Flavors: r-devel-linux-x86_64-debian-clang, r-devel-linux-x86_64-debian-gcc

Version: 0.1
Flags: --no-stop-on-test-error
Check: compiled code
Result: NOTE
    File ‘scvxclustr/libs/scvxclustr.so’:
     Found no calls to: ‘R_registerRoutines’, ‘R_useDynamicSymbols’
    
    It is good practice to register native routines and to disable symbol
    search.
    
    See ‘Writing portable packages’ in the ‘Writing R Extensions’ manual.
Flavors: r-devel-linux-x86_64-fedora-clang, r-devel-linux-x86_64-fedora-gcc, r-devel-macos-x86_64-clang