Last updated on 2017-02-24 23:52:53.
Flavor | Version | Tinstall | Tcheck | Ttotal | Status | Flags |
---|---|---|---|---|---|---|
r-devel-linux-x86_64-debian-clang | 2.0.1 | 3.93 | 57.83 | 61.76 | OK | |
r-devel-linux-x86_64-debian-gcc | 2.0.1 | 4.30 | 72.47 | 76.77 | OK | |
r-devel-linux-x86_64-fedora-clang | 2.0.1 | 115.81 | OK | --no-stop-on-test-error | ||
r-devel-linux-x86_64-fedora-gcc | 2.0.1 | 116.97 | OK | --no-stop-on-test-error | ||
r-devel-macos-x86_64-clang | 2.0.1 | 104.56 | OK | --no-stop-on-test-error | ||
r-devel-windows-ix86+x86_64 | 2.0.1 | 21.00 | 134.00 | 155.00 | OK | |
r-patched-linux-x86_64 | 2.0.1 | 3.74 | 50.42 | 54.16 | OK | |
r-patched-solaris-sparc | 2.0.1 | 615.90 | OK | |||
r-patched-solaris-x86 | 2.0.1 | 132.90 | OK | |||
r-release-linux-x86_64 | 2.0.1 | 3.44 | 51.08 | 54.52 | OK | |
r-release-osx-x86_64-mavericks | 2.0.1 | WARN | ||||
r-release-windows-ix86+x86_64 | 2.0.1 | 14.00 | 129.00 | 143.00 | OK | |
r-oldrel-windows-ix86+x86_64 | 2.0.1 | 20.00 | 109.00 | 129.00 | OK |
Version: 2.0.1
Check: whether package can be installed
Result: WARN
Found the following significant warnings:
Warning: 'rgl_init' failed, running with rgl.useNULL = TRUE
Flavor: r-release-osx-x86_64-mavericks
Version: 2.0.1
Check: dependencies in R code
Result: NOTE
Invalid MIT-MAGIC-COOKIE-1 key
Flavor: r-release-osx-x86_64-mavericks
Version: 2.0.1
Check: S3 generic/method consistency
Result: WARN
Invalid MIT-MAGIC-COOKIE-1 key
See section ‘Generic functions and methods’ in the ‘Writing R
Extensions’ manual.
Flavor: r-release-osx-x86_64-mavericks
Version: 2.0.1
Check: replacement functions
Result: WARN
Invalid MIT-MAGIC-COOKIE-1 key
The argument of a replacement function which corresponds to the right
hand side must be named ‘value’.
Flavor: r-release-osx-x86_64-mavericks
Version: 2.0.1
Check: foreign function calls
Result: NOTE
Invalid MIT-MAGIC-COOKIE-1 key
See chapter ‘System and foreign language interfaces’ in the ‘Writing R
Extensions’ manual.
Flavor: r-release-osx-x86_64-mavericks
Version: 2.0.1
Check: R code for possible problems
Result: NOTE
Invalid MIT-MAGIC-COOKIE-1 key
Flavor: r-release-osx-x86_64-mavericks
Version: 2.0.1
Check: for missing documentation entries
Result: WARN
Invalid MIT-MAGIC-COOKIE-1 key
All user-level objects in a package should have documentation entries.
See chapter ‘Writing R documentation files’ in the ‘Writing R
Extensions’ manual.
Flavor: r-release-osx-x86_64-mavericks
Version: 2.0.1
Check: for code/documentation mismatches
Result: WARN
Invalid MIT-MAGIC-COOKIE-1 key
Invalid MIT-MAGIC-COOKIE-1 key
Invalid MIT-MAGIC-COOKIE-1 key
Flavor: r-release-osx-x86_64-mavericks
Version: 2.0.1
Check: Rd \usage sections
Result: NOTE
Invalid MIT-MAGIC-COOKIE-1 key
The \usage entries for S3 methods should use the \method markup and not
their full name.
See chapter ‘Writing R documentation files’ in the ‘Writing R
Extensions’ manual.
Flavor: r-release-osx-x86_64-mavericks