CRAN Package Check Results for Package sgPLS

Last updated on 2017-02-24 23:52:54.

Flavor Version Tinstall Tcheck Ttotal Status Flags
r-devel-linux-x86_64-debian-clang 1.4 1.96 31.66 33.61 OK
r-devel-linux-x86_64-debian-gcc 1.4 2.02 29.82 31.84 OK
r-devel-linux-x86_64-fedora-clang 1.4 55.25 OK --no-stop-on-test-error
r-devel-linux-x86_64-fedora-gcc 1.4 57.10 OK --no-stop-on-test-error
r-devel-macos-x86_64-clang 1.4 46.19 OK --no-stop-on-test-error
r-devel-windows-ix86+x86_64 1.4 12.00 116.00 128.00 OK
r-patched-linux-x86_64 1.4 2.03 26.92 28.95 OK
r-patched-solaris-sparc 1.4 343.80 OK
r-patched-solaris-x86 1.4 81.20 OK
r-release-linux-x86_64 1.4 2.14 27.13 29.27 OK
r-release-osx-x86_64-mavericks 1.4 WARN
r-release-windows-ix86+x86_64 1.4 12.00 86.00 98.00 OK
r-oldrel-windows-ix86+x86_64 1.4 12.00 83.00 95.00 OK

Check Details

Version: 1.4
Check: whether package can be installed
Result: WARN
    Found the following significant warnings:
     Warning: 'rgl_init' failed, running with rgl.useNULL = TRUE
Flavor: r-release-osx-x86_64-mavericks

Version: 1.4
Check: dependencies in R code
Result: NOTE
    Invalid MIT-MAGIC-COOKIE-1 key
Flavor: r-release-osx-x86_64-mavericks

Version: 1.4
Check: S3 generic/method consistency
Result: WARN
    Invalid MIT-MAGIC-COOKIE-1 key
    See section ‘Generic functions and methods’ in the ‘Writing R
    Extensions’ manual.
Flavor: r-release-osx-x86_64-mavericks

Version: 1.4
Check: replacement functions
Result: WARN
    Invalid MIT-MAGIC-COOKIE-1 key
    The argument of a replacement function which corresponds to the right
    hand side must be named ‘value’.
Flavor: r-release-osx-x86_64-mavericks

Version: 1.4
Check: foreign function calls
Result: NOTE
    Invalid MIT-MAGIC-COOKIE-1 key
    See chapter ‘System and foreign language interfaces’ in the ‘Writing R
    Extensions’ manual.
Flavor: r-release-osx-x86_64-mavericks

Version: 1.4
Check: R code for possible problems
Result: NOTE
    Invalid MIT-MAGIC-COOKIE-1 key
Flavor: r-release-osx-x86_64-mavericks

Version: 1.4
Check: for missing documentation entries
Result: WARN
    Invalid MIT-MAGIC-COOKIE-1 key
    All user-level objects in a package should have documentation entries.
    See chapter ‘Writing R documentation files’ in the ‘Writing R
    Extensions’ manual.
Flavor: r-release-osx-x86_64-mavericks

Version: 1.4
Check: for code/documentation mismatches
Result: WARN
    Invalid MIT-MAGIC-COOKIE-1 key
    Invalid MIT-MAGIC-COOKIE-1 key
    Invalid MIT-MAGIC-COOKIE-1 key
Flavor: r-release-osx-x86_64-mavericks

Version: 1.4
Check: Rd \usage sections
Result: NOTE
    Invalid MIT-MAGIC-COOKIE-1 key
    The \usage entries for S3 methods should use the \method markup and not
    their full name.
    See chapter ‘Writing R documentation files’ in the ‘Writing R
    Extensions’ manual.
Flavor: r-release-osx-x86_64-mavericks