Last updated on 2017-02-24 23:52:54.
Flavor | Version | Tinstall | Tcheck | Ttotal | Status | Flags |
---|---|---|---|---|---|---|
r-devel-linux-x86_64-debian-clang | 1.4.2 | 0.86 | 24.99 | 25.86 | NOTE | |
r-devel-linux-x86_64-debian-gcc | 1.4.2 | 0.86 | 24.40 | 25.26 | NOTE | |
r-devel-linux-x86_64-fedora-clang | 1.4.2 | 44.35 | NOTE | --no-stop-on-test-error | ||
r-devel-linux-x86_64-fedora-gcc | 1.4.2 | 44.26 | NOTE | --no-stop-on-test-error | ||
r-devel-macos-x86_64-clang | 1.4.2 | 36.45 | NOTE | --no-stop-on-test-error | ||
r-devel-windows-ix86+x86_64 | 1.4.2 | 3.00 | 55.00 | 58.00 | NOTE | |
r-patched-linux-x86_64 | 1.4.2 | 0.78 | 21.34 | 22.12 | NOTE | |
r-patched-solaris-sparc | 1.4.2 | 228.00 | NOTE | |||
r-patched-solaris-x86 | 1.4.2 | 48.50 | NOTE | |||
r-release-linux-x86_64 | 1.4.2 | 0.86 | 21.64 | 22.50 | NOTE | |
r-release-osx-x86_64-mavericks | 1.4.2 | NOTE | ||||
r-release-windows-ix86+x86_64 | 1.4.2 | 3.00 | 55.00 | 58.00 | NOTE | |
r-oldrel-windows-ix86+x86_64 | 1.4.2 | 3.00 | 53.00 | 56.00 | OK |
Version: 1.4.2
Check: R code for possible problems
Result: NOTE
A4: no visible global function definition for ‘dev.new’
Arrowhead: no visible global function definition for ‘par’
Arrowhead: no visible global function definition for ‘polygon’
Arrows: no visible global function definition for ‘arrows’
Arrows: no visible global function definition for ‘segments’
Arrows: no visible global function definition for ‘par’
colorlegend: no visible global function definition for ‘par’
colorlegend: no visible global function definition for ‘rect’
colorlegend: no visible global function definition for ‘segments’
colorlegend: no visible global function definition for ‘text’
cylindersegment: no visible global function definition for ‘polygon’
emptyplot: no visible global function definition for ‘plot’
emptyplot: no visible global function definition for ‘rect’
filledcircle: no visible global function definition for ‘par’
filledcylinder: no visible global function definition for ‘lines’
filledrectangle: no visible global function definition for ‘polygon’
filledshape : expand: no visible global function definition for
‘approx’
filledshape: no visible global function definition for ‘polygon’
filledshape: no visible global function definition for ‘lines’
intpalette: no visible global function definition for ‘col2rgb’
intpalette: no visible global function definition for ‘approx’
intpalette: no visible global function definition for ‘rgb’
plotcircle: no visible global function definition for ‘par’
plotellipse: no visible global function definition for ‘polygon’
plotellipse: no visible global function definition for ‘lines’
rotatexy: no visible global function definition for ‘par’
textflag: no visible global function definition for ‘polygon’
textflag: no visible global function definition for ‘lines’
textflag: no visible global function definition for ‘text’
writelabel: no visible global function definition for ‘par’
writelabel: no visible global function definition for ‘mtext’
Undefined global functions or variables:
approx arrows col2rgb dev.new lines mtext par plot polygon rect rgb
segments text
Consider adding
importFrom("grDevices", "col2rgb", "dev.new", "rgb")
importFrom("graphics", "arrows", "lines", "mtext", "par", "plot",
"polygon", "rect", "segments", "text")
importFrom("stats", "approx")
to your NAMESPACE file.
Flavors: r-devel-linux-x86_64-debian-clang, r-devel-linux-x86_64-debian-gcc, r-devel-windows-ix86+x86_64, r-patched-linux-x86_64, r-patched-solaris-sparc, r-patched-solaris-x86, r-release-linux-x86_64, r-release-osx-x86_64-mavericks, r-release-windows-ix86+x86_64
Version: 1.4.2
Flags: --no-stop-on-test-error
Check: R code for possible problems
Result: NOTE
A4: no visible global function definition for ‘dev.new’
Arrowhead: no visible global function definition for ‘par’
Arrowhead: no visible global function definition for ‘polygon’
Arrows: no visible global function definition for ‘arrows’
Arrows: no visible global function definition for ‘segments’
Arrows: no visible global function definition for ‘par’
colorlegend: no visible global function definition for ‘par’
colorlegend: no visible global function definition for ‘rect’
colorlegend: no visible global function definition for ‘segments’
colorlegend: no visible global function definition for ‘text’
cylindersegment: no visible global function definition for ‘polygon’
emptyplot: no visible global function definition for ‘plot’
emptyplot: no visible global function definition for ‘rect’
filledcircle: no visible global function definition for ‘par’
filledcylinder: no visible global function definition for ‘lines’
filledrectangle: no visible global function definition for ‘polygon’
filledshape : expand: no visible global function definition for
‘approx’
filledshape: no visible global function definition for ‘polygon’
filledshape: no visible global function definition for ‘lines’
intpalette: no visible global function definition for ‘col2rgb’
intpalette: no visible global function definition for ‘approx’
intpalette: no visible global function definition for ‘rgb’
plotcircle: no visible global function definition for ‘par’
plotellipse: no visible global function definition for ‘polygon’
plotellipse: no visible global function definition for ‘lines’
rotatexy: no visible global function definition for ‘par’
textflag: no visible global function definition for ‘polygon’
textflag: no visible global function definition for ‘lines’
textflag: no visible global function definition for ‘text’
writelabel: no visible global function definition for ‘par’
writelabel: no visible global function definition for ‘mtext’
Undefined global functions or variables:
approx arrows col2rgb dev.new lines mtext par plot polygon rect rgb
segments text
Consider adding
importFrom("grDevices", "col2rgb", "dev.new", "rgb")
importFrom("graphics", "arrows", "lines", "mtext", "par", "plot",
"polygon", "rect", "segments", "text")
importFrom("stats", "approx")
to your NAMESPACE file.
Flavors: r-devel-linux-x86_64-fedora-clang, r-devel-linux-x86_64-fedora-gcc, r-devel-macos-x86_64-clang