CRAN Package Check Results for Package siRSM

Last updated on 2017-02-24 23:52:54.

Flavor Version Tinstall Tcheck Ttotal Status Flags
r-devel-linux-x86_64-debian-clang 1.1 2.83 36.66 39.49 NOTE
r-devel-linux-x86_64-debian-gcc 1.1 2.82 36.57 39.39 NOTE
r-devel-linux-x86_64-fedora-clang 1.1 84.37 NOTE --no-stop-on-test-error
r-devel-linux-x86_64-fedora-gcc 1.1 91.72 NOTE --no-stop-on-test-error
r-devel-macos-x86_64-clang 1.1 67.22 NOTE --no-stop-on-test-error
r-devel-windows-ix86+x86_64 1.1 12.00 116.00 128.00 NOTE
r-patched-linux-x86_64 1.1 2.73 33.79 36.52 NOTE
r-patched-solaris-sparc 1.1 452.10 NOTE
r-patched-solaris-x86 1.1 107.20 NOTE
r-release-linux-x86_64 1.1 2.68 33.58 36.26 NOTE
r-release-osx-x86_64-mavericks 1.1 NOTE
r-release-windows-ix86+x86_64 1.1 10.00 80.00 90.00 NOTE
r-oldrel-windows-ix86+x86_64 1.1 13.00 94.00 107.00 OK

Check Details

Version: 1.1
Check: S3 generic/method consistency
Result: NOTE
    Found the following apparent S3 methods exported but not registered:
     plot.siRSM plot.siRSM.default plot.siRSM.default print.siRSM
     print.siRSM.default print.siRSM.default siRSM.default
    See section ‘Registering S3 methods’ in the ‘Writing R Extensions’
    manual.
Flavors: r-devel-linux-x86_64-debian-clang, r-devel-linux-x86_64-debian-gcc, r-patched-linux-x86_64, r-patched-solaris-sparc, r-patched-solaris-x86, r-release-linux-x86_64

Version: 1.1
Check: R code for possible problems
Result: NOTE
    ci.index: no visible global function definition for ‘par’
    ci.index: no visible global function definition for ‘hist’
    ci.index: no visible binding for global variable ‘quantile’
    ci.index: no visible binding for global variable ‘sd’
    ci.surface: no visible global function definition for ‘coef’
    ci.surface: no visible global function definition for ‘lm’
    ci.surface: no visible global function definition for ‘par’
    ci.surface: no visible global function definition for ‘hist’
    ci.surface: no visible global function definition for ‘quantile’
    ci.surface: no visible global function definition for ‘sd’
    draw.full.quadratic: no visible global function definition for ‘lm’
    draw.full.quadratic: no visible global function definition for ‘coef’
    draw.full.quadratic: no visible global function definition for ‘persp’
    draw.full.quadratic: no visible global function definition for ‘points’
    draw.full.quadratic: no visible global function definition for
     ‘trans3d’
    draw.full.quadratic: no visible global function definition for ‘lines’
    draw.full.quadratic: no visible global function definition for ‘title’
    draw.interaction.only: no visible global function definition for ‘lm’
    draw.interaction.only: no visible global function definition for ‘sd’
    draw.interaction.only: no visible global function definition for
     ‘predict’
    draw.interaction.only: no visible global function definition for ‘plot’
    draw.interaction.only: no visible global function definition for
     ‘points’
    draw.interaction.only: no visible global function definition for
     ‘segments’
    draw.interaction.only: no visible global function definition for ‘text’
    draw.interaction.only: no visible global function definition for ‘axis’
    draw.interaction.only: no visible global function definition for ‘box’
    draw.interaction.only: no visible global function definition for
     ‘title’
    multi.run: no visible global function definition for ‘runif’
    single.run: no visible global function definition for ‘runif’
    single.run: no visible global function definition for ‘coef’
    single.run: no visible global function definition for ‘lm’
    surface.test: no visible global function definition for ‘lm’
    surface.test: no visible global function definition for ‘anova’
    Undefined global functions or variables:
     anova axis box coef hist lines lm par persp plot points predict
     quantile runif sd segments text title trans3d
    Consider adding
     importFrom("grDevices", "trans3d")
     importFrom("graphics", "axis", "box", "hist", "lines", "par", "persp",
     "plot", "points", "segments", "text", "title")
     importFrom("stats", "anova", "coef", "lm", "predict", "quantile",
     "runif", "sd")
    to your NAMESPACE file.
Flavors: r-devel-linux-x86_64-debian-clang, r-devel-linux-x86_64-debian-gcc, r-devel-windows-ix86+x86_64, r-patched-linux-x86_64, r-patched-solaris-sparc, r-patched-solaris-x86, r-release-linux-x86_64, r-release-osx-x86_64-mavericks, r-release-windows-ix86+x86_64

Version: 1.1
Flags: --no-stop-on-test-error
Check: S3 generic/method consistency
Result: NOTE
    Found the following apparent S3 methods exported but not registered:
     plot.siRSM plot.siRSM.default plot.siRSM.default print.siRSM
     print.siRSM.default print.siRSM.default siRSM.default
    See section ‘Registering S3 methods’ in the ‘Writing R Extensions’
    manual.
Flavors: r-devel-linux-x86_64-fedora-clang, r-devel-linux-x86_64-fedora-gcc, r-devel-macos-x86_64-clang

Version: 1.1
Flags: --no-stop-on-test-error
Check: R code for possible problems
Result: NOTE
    ci.index: no visible global function definition for ‘par’
    ci.index: no visible global function definition for ‘hist’
    ci.index: no visible binding for global variable ‘quantile’
    ci.index: no visible binding for global variable ‘sd’
    ci.surface: no visible global function definition for ‘coef’
    ci.surface: no visible global function definition for ‘lm’
    ci.surface: no visible global function definition for ‘par’
    ci.surface: no visible global function definition for ‘hist’
    ci.surface: no visible global function definition for ‘quantile’
    ci.surface: no visible global function definition for ‘sd’
    draw.full.quadratic: no visible global function definition for ‘lm’
    draw.full.quadratic: no visible global function definition for ‘coef’
    draw.full.quadratic: no visible global function definition for ‘persp’
    draw.full.quadratic: no visible global function definition for ‘points’
    draw.full.quadratic: no visible global function definition for
     ‘trans3d’
    draw.full.quadratic: no visible global function definition for ‘lines’
    draw.full.quadratic: no visible global function definition for ‘title’
    draw.interaction.only: no visible global function definition for ‘lm’
    draw.interaction.only: no visible global function definition for ‘sd’
    draw.interaction.only: no visible global function definition for
     ‘predict’
    draw.interaction.only: no visible global function definition for ‘plot’
    draw.interaction.only: no visible global function definition for
     ‘points’
    draw.interaction.only: no visible global function definition for
     ‘segments’
    draw.interaction.only: no visible global function definition for ‘text’
    draw.interaction.only: no visible global function definition for ‘axis’
    draw.interaction.only: no visible global function definition for ‘box’
    draw.interaction.only: no visible global function definition for
     ‘title’
    multi.run: no visible global function definition for ‘runif’
    single.run: no visible global function definition for ‘runif’
    single.run: no visible global function definition for ‘coef’
    single.run: no visible global function definition for ‘lm’
    surface.test: no visible global function definition for ‘lm’
    surface.test: no visible global function definition for ‘anova’
    Undefined global functions or variables:
     anova axis box coef hist lines lm par persp plot points predict
     quantile runif sd segments text title trans3d
    Consider adding
     importFrom("grDevices", "trans3d")
     importFrom("graphics", "axis", "box", "hist", "lines", "par", "persp",
     "plot", "points", "segments", "text", "title")
     importFrom("stats", "anova", "coef", "lm", "predict", "quantile",
     "runif", "sd")
    to your NAMESPACE file.
Flavors: r-devel-linux-x86_64-fedora-clang, r-devel-linux-x86_64-fedora-gcc, r-devel-macos-x86_64-clang