CRAN Package Check Results for Package sigloc

Last updated on 2017-02-24 23:52:54.

Flavor Version Tinstall Tcheck Ttotal Status Flags
r-devel-linux-x86_64-debian-clang 0.0.4 0.61 12.25 12.86 NOTE
r-devel-linux-x86_64-debian-gcc 0.0.4 0.68 11.78 12.45 NOTE
r-devel-linux-x86_64-fedora-clang 0.0.4 20.30 NOTE --no-stop-on-test-error
r-devel-linux-x86_64-fedora-gcc 0.0.4 19.76 NOTE --no-stop-on-test-error
r-devel-macos-x86_64-clang 0.0.4 19.40 NOTE --no-stop-on-test-error
r-devel-windows-ix86+x86_64 0.0.4 7.00 37.00 44.00 NOTE
r-patched-linux-x86_64 0.0.4 0.56 10.16 10.71 NOTE
r-patched-solaris-sparc 0.0.4 107.20 NOTE
r-patched-solaris-x86 0.0.4 26.20 NOTE
r-release-linux-x86_64 0.0.4 0.54 10.11 10.65 NOTE
r-release-osx-x86_64-mavericks 0.0.4 NOTE
r-release-windows-ix86+x86_64 0.0.4 4.00 65.00 69.00 NOTE
r-oldrel-windows-ix86+x86_64 0.0.4 7.00 55.00 62.00 OK

Check Details

Version: 0.0.4
Check: S3 generic/method consistency
Result: NOTE
    Found the following apparent S3 methods exported but not registered:
     as.data.frame.intersect as.data.frame.receiver
     as.data.frame.transmitter plot.intersect plot.receiver
     plot.transmitter print.intersect print.receiver print.transmitter
    See section ‘Registering S3 methods’ in the ‘Writing R Extensions’
    manual.
Flavors: r-devel-linux-x86_64-debian-clang, r-devel-linux-x86_64-debian-gcc, r-patched-linux-x86_64, r-patched-solaris-sparc, r-patched-solaris-x86, r-release-linux-x86_64

Version: 0.0.4
Check: R code for possible problems
Result: NOTE
    plot.intersect: no visible global function definition for ‘points’
    plot.intersect: no visible global function definition for ‘plot’
    plot.receiver: no visible global function definition for ‘points’
    plot.receiver: no visible global function definition for ‘plot’
    plot.receiver: no visible global function definition for ‘segments’
    plot.transmitter: no visible global function definition for ‘points’
    plot.transmitter: no visible global function definition for ‘plot’
    plot.transmitter: no visible global function definition for ‘lines’
    Undefined global functions or variables:
     lines plot points segments
    Consider adding
     importFrom("graphics", "lines", "plot", "points", "segments")
    to your NAMESPACE file.
Flavors: r-devel-linux-x86_64-debian-clang, r-devel-linux-x86_64-debian-gcc, r-devel-windows-ix86+x86_64, r-patched-linux-x86_64, r-patched-solaris-sparc, r-patched-solaris-x86, r-release-linux-x86_64, r-release-osx-x86_64-mavericks, r-release-windows-ix86+x86_64

Version: 0.0.4
Flags: --no-stop-on-test-error
Check: S3 generic/method consistency
Result: NOTE
    Found the following apparent S3 methods exported but not registered:
     as.data.frame.intersect as.data.frame.receiver
     as.data.frame.transmitter plot.intersect plot.receiver
     plot.transmitter print.intersect print.receiver print.transmitter
    See section ‘Registering S3 methods’ in the ‘Writing R Extensions’
    manual.
Flavors: r-devel-linux-x86_64-fedora-clang, r-devel-linux-x86_64-fedora-gcc, r-devel-macos-x86_64-clang

Version: 0.0.4
Flags: --no-stop-on-test-error
Check: R code for possible problems
Result: NOTE
    plot.intersect: no visible global function definition for ‘points’
    plot.intersect: no visible global function definition for ‘plot’
    plot.receiver: no visible global function definition for ‘points’
    plot.receiver: no visible global function definition for ‘plot’
    plot.receiver: no visible global function definition for ‘segments’
    plot.transmitter: no visible global function definition for ‘points’
    plot.transmitter: no visible global function definition for ‘plot’
    plot.transmitter: no visible global function definition for ‘lines’
    Undefined global functions or variables:
     lines plot points segments
    Consider adding
     importFrom("graphics", "lines", "plot", "points", "segments")
    to your NAMESPACE file.
Flavors: r-devel-linux-x86_64-fedora-clang, r-devel-linux-x86_64-fedora-gcc, r-devel-macos-x86_64-clang