Last updated on 2017-02-24 23:52:54.
Flavor | Version | Tinstall | Tcheck | Ttotal | Status | Flags |
---|---|---|---|---|---|---|
r-devel-linux-x86_64-debian-clang | 0.6.0 | 16.37 | 125.54 | 141.91 | NOTE | |
r-devel-linux-x86_64-debian-gcc | 0.6.0 | 17.35 | 124.91 | 142.26 | NOTE | |
r-devel-linux-x86_64-fedora-clang | 0.6.0 | 323.91 | NOTE | --no-stop-on-test-error | ||
r-devel-linux-x86_64-fedora-gcc | 0.6.0 | 338.31 | NOTE | --no-stop-on-test-error | ||
r-devel-macos-x86_64-clang | 0.6.0 | 212.99 | NOTE | --no-stop-on-test-error | ||
r-devel-windows-ix86+x86_64 | 0.6.0 | 75.00 | 425.00 | 500.00 | OK | |
r-patched-linux-x86_64 | 0.6.0 | 15.42 | 117.01 | 132.43 | OK | |
r-patched-solaris-sparc | 0.6.0 | 1543.70 | NOTE | |||
r-patched-solaris-x86 | 0.6.0 | 349.80 | NOTE | |||
r-release-linux-x86_64 | 0.6.0 | 15.71 | 117.68 | 133.40 | OK | |
r-release-osx-x86_64-mavericks | 0.6.0 | OK | ||||
r-release-windows-ix86+x86_64 | 0.6.0 | 77.00 | 419.00 | 496.00 | OK | |
r-oldrel-windows-ix86+x86_64 | 0.6.0 | 78.00 | 416.00 | 494.00 | OK |
Version: 0.6.0
Check: compiled code
Result: NOTE
File ‘simPop/libs/simPop.so’:
Found no calls to: ‘R_registerRoutines’, ‘R_useDynamicSymbols’
It is good practice to register native routines and to disable symbol
search.
See ‘Writing portable packages’ in the ‘Writing R Extensions’ manual.
Flavors: r-devel-linux-x86_64-debian-clang, r-devel-linux-x86_64-debian-gcc
Version: 0.6.0
Flags: --no-stop-on-test-error
Check: compiled code
Result: NOTE
File ‘simPop/libs/simPop.so’:
Found no calls to: ‘R_registerRoutines’, ‘R_useDynamicSymbols’
It is good practice to register native routines and to disable symbol
search.
See ‘Writing portable packages’ in the ‘Writing R Extensions’ manual.
Flavors: r-devel-linux-x86_64-fedora-clang, r-devel-linux-x86_64-fedora-gcc, r-devel-macos-x86_64-clang
Version: 0.6.0
Check: package dependencies
Result: NOTE
Package suggested but not available for checking: ‘microbenchmark’
Flavors: r-patched-solaris-sparc, r-patched-solaris-x86