CRAN Package Check Results for Package simplexreg

Last updated on 2017-02-24 23:52:54.

Flavor Version Tinstall Tcheck Ttotal Status Flags
r-devel-linux-x86_64-debian-clang 1.3 1.59 20.89 22.48 NOTE
r-devel-linux-x86_64-debian-gcc 1.3 1.53 20.53 22.06 NOTE
r-devel-linux-x86_64-fedora-clang 1.3 38.21 NOTE --no-stop-on-test-error
r-devel-linux-x86_64-fedora-gcc 1.3 40.45 NOTE --no-stop-on-test-error
r-devel-macos-x86_64-clang 1.3 32.58 NOTE --no-stop-on-test-error
r-devel-windows-ix86+x86_64 1.3 8.00 51.00 59.00 OK
r-patched-linux-x86_64 1.3 1.24 19.54 20.79 OK
r-patched-solaris-sparc 1.3 228.60 OK
r-patched-solaris-x86 1.3 51.00 OK
r-release-linux-x86_64 1.3 1.30 19.14 20.44 OK
r-release-osx-x86_64-mavericks 1.3 OK
r-release-windows-ix86+x86_64 1.3 21.00 67.00 88.00 OK
r-oldrel-windows-ix86+x86_64 1.3 19.00 71.00 90.00 OK

Check Details

Version: 1.3
Check: compiled code
Result: NOTE
    File ‘simplexreg/libs/simplexreg.so’:
     Found no calls to: ‘R_registerRoutines’, ‘R_useDynamicSymbols’
    
    It is good practice to register native routines and to disable symbol
    search.
    
    See ‘Writing portable packages’ in the ‘Writing R Extensions’ manual.
Flavors: r-devel-linux-x86_64-debian-clang, r-devel-linux-x86_64-debian-gcc

Version: 1.3
Flags: --no-stop-on-test-error
Check: compiled code
Result: NOTE
    File ‘simplexreg/libs/simplexreg.so’:
     Found no calls to: ‘R_registerRoutines’, ‘R_useDynamicSymbols’
    
    It is good practice to register native routines and to disable symbol
    search.
    
    See ‘Writing portable packages’ in the ‘Writing R Extensions’ manual.
Flavors: r-devel-linux-x86_64-fedora-clang, r-devel-linux-x86_64-fedora-gcc, r-devel-macos-x86_64-clang