CRAN Package Check Results for Package simputation

Last updated on 2017-02-24 23:52:54.

Flavor Version Tinstall Tcheck Ttotal Status Flags
r-devel-linux-x86_64-debian-clang 0.2.1 1.18 26.96 28.14 NOTE
r-devel-linux-x86_64-debian-gcc 0.2.1 1.13 24.01 25.14 NOTE
r-devel-linux-x86_64-fedora-clang 0.2.1 45.17 NOTE --no-stop-on-test-error
r-devel-linux-x86_64-fedora-gcc 0.2.1 49.29 NOTE --no-stop-on-test-error
r-devel-macos-x86_64-clang 0.2.1 37.82 NOTE --no-stop-on-test-error
r-devel-windows-ix86+x86_64 0.2.1 16.00 57.00 73.00 OK
r-patched-linux-x86_64 0.2.1 0.95 19.28 20.23 OK
r-patched-solaris-sparc 0.2.1 213.50 OK
r-patched-solaris-x86 0.2.1 54.50 OK
r-release-linux-x86_64 0.2.1 0.94 20.29 21.23 OK
r-release-osx-x86_64-mavericks 0.2.1 OK
r-release-windows-ix86+x86_64 0.2.1 8.00 54.00 62.00 OK
r-oldrel-windows-ix86+x86_64 0.2.1 15.00 77.00 92.00 OK

Check Details

Version: 0.2.1
Check: compiled code
Result: NOTE
    File ‘simputation/libs/simputation.so’:
     Found no calls to: ‘R_registerRoutines’, ‘R_useDynamicSymbols’
    
    It is good practice to register native routines and to disable symbol
    search.
    
    See ‘Writing portable packages’ in the ‘Writing R Extensions’ manual.
Flavors: r-devel-linux-x86_64-debian-clang, r-devel-linux-x86_64-debian-gcc

Version: 0.2.1
Flags: --no-stop-on-test-error
Check: compiled code
Result: NOTE
    File ‘simputation/libs/simputation.so’:
     Found no calls to: ‘R_registerRoutines’, ‘R_useDynamicSymbols’
    
    It is good practice to register native routines and to disable symbol
    search.
    
    See ‘Writing portable packages’ in the ‘Writing R Extensions’ manual.
Flavors: r-devel-linux-x86_64-fedora-clang, r-devel-linux-x86_64-fedora-gcc, r-devel-macos-x86_64-clang