Last updated on 2017-02-24 23:52:54.
Flavor | Version | Tinstall | Tcheck | Ttotal | Status | Flags |
---|---|---|---|---|---|---|
r-devel-linux-x86_64-debian-clang | 0.2.0 | 1.52 | 824.36 | 825.87 | OK | |
r-devel-linux-x86_64-debian-gcc | 0.2.0 | 1.50 | 806.00 | 807.50 | OK | |
r-devel-linux-x86_64-fedora-clang | 0.2.0 | 834.09 | OK | --no-stop-on-test-error | ||
r-devel-linux-x86_64-fedora-gcc | 0.2.0 | 912.44 | OK | --no-stop-on-test-error | ||
r-devel-macos-x86_64-clang | 0.2.0 | 586.13 | OK | --no-stop-on-test-error | ||
r-devel-windows-ix86+x86_64 | 0.2.0 | 15.00 | 151.00 | 166.00 | WARN | |
r-patched-linux-x86_64 | 0.2.0 | 1.54 | 670.99 | 672.53 | OK | |
r-patched-solaris-sparc | 0.2.0 | 6231.70 | OK | |||
r-patched-solaris-x86 | 0.2.0 | 1911.20 | OK | |||
r-release-linux-x86_64 | 0.2.0 | 1.66 | 659.57 | 661.23 | OK | |
r-release-osx-x86_64-mavericks | 0.2.0 | OK | ||||
r-release-windows-ix86+x86_64 | 0.2.0 | 10.00 | 826.00 | 836.00 | OK | |
r-oldrel-windows-ix86+x86_64 | 0.2.0 | 17.00 | 1322.00 | 1339.00 | OK |
Version: 0.2.0
Check: re-building of vignette outputs
Result: WARN
Error in re-building vignettes:
...
Loading required package: Matrix
Loading required package: foreach
Loaded glmnet 2.0-5
Shutting down cluster.
Shutting down cluster.
Shutting down cluster.
Shutting down cluster.
Shutting down cluster.
Shutting down cluster.
Shutting down cluster.
Shutting down cluster.
Shutting down cluster.
Quitting from lines 56-66 (elastic-net.Rmd)
Shutting down cluster.
Error: processing vignette 'elastic-net.Rmd' failed with diagnostics:
one node produced an error: Could not find file d:/RCompile/CRANpkg/local/3.4/simulator.Rcheck/vign_test/simulator/vignettes/files/slm/k_10/n_100/p_50/rho_0.48/snr_2/model.Rdata
Execution halted
Flavor: r-devel-windows-ix86+x86_64