CRAN Package Check Results for Package sitmo

Last updated on 2017-02-24 23:52:54.

Flavor Version Tinstall Tcheck Ttotal Status Flags
r-devel-linux-x86_64-debian-clang 1.0.0 13.95 51.78 65.73 NOTE
r-devel-linux-x86_64-debian-gcc 1.0.0 13.00 47.33 60.32 NOTE
r-devel-linux-x86_64-fedora-clang 1.0.0 119.42 NOTE --no-stop-on-test-error
r-devel-linux-x86_64-fedora-gcc 1.0.0 119.63 NOTE --no-stop-on-test-error
r-devel-macos-x86_64-clang 1.0.0 88.90 NOTE --no-stop-on-test-error
r-devel-windows-ix86+x86_64 1.0.0 90.00 94.00 184.00 OK
r-patched-linux-x86_64 1.0.0 11.03 46.40 57.43 OK
r-patched-solaris-sparc 1.0.0 868.30 OK
r-patched-solaris-x86 1.0.0 163.10 OK
r-release-linux-x86_64 1.0.0 11.52 47.40 58.93 OK
r-release-osx-x86_64-mavericks 1.0.0 OK
r-release-windows-ix86+x86_64 1.0.0 66.00 103.00 169.00 OK
r-oldrel-windows-ix86+x86_64 1.0.0 87.00 169.00 256.00 OK

Check Details

Version: 1.0.0
Check: compiled code
Result: NOTE
    File ‘sitmo/libs/sitmo.so’:
     Found no calls to: ‘R_registerRoutines’, ‘R_useDynamicSymbols’
    
    It is good practice to register native routines and to disable symbol
    search.
    
    See ‘Writing portable packages’ in the ‘Writing R Extensions’ manual.
Flavors: r-devel-linux-x86_64-debian-clang, r-devel-linux-x86_64-debian-gcc

Version: 1.0.0
Flags: --no-stop-on-test-error
Check: compiled code
Result: NOTE
    File ‘sitmo/libs/sitmo.so’:
     Found no calls to: ‘R_registerRoutines’, ‘R_useDynamicSymbols’
    
    It is good practice to register native routines and to disable symbol
    search.
    
    See ‘Writing portable packages’ in the ‘Writing R Extensions’ manual.
Flavors: r-devel-linux-x86_64-fedora-clang, r-devel-linux-x86_64-fedora-gcc, r-devel-macos-x86_64-clang