CRAN Package Check Results for Package sjstats

Last updated on 2017-02-24 23:52:54.

Flavor Version Tinstall Tcheck Ttotal Status Flags
r-devel-linux-x86_64-debian-clang 0.8.0 4.44 71.35 75.80 OK
r-devel-linux-x86_64-debian-gcc 0.8.0 4.70 68.87 73.57 OK
r-devel-linux-x86_64-fedora-clang 0.8.0 152.43 OK --no-stop-on-test-error
r-devel-linux-x86_64-fedora-gcc 0.8.0 166.77 OK --no-stop-on-test-error
r-devel-macos-x86_64-clang 0.8.0 119.57 OK --no-stop-on-test-error
r-devel-windows-ix86+x86_64 0.8.0 20.00 144.00 164.00 OK
r-patched-linux-x86_64 0.8.0 4.84 61.25 66.09 OK
r-patched-solaris-sparc 0.8.0 776.50 OK
r-patched-solaris-x86 0.8.0 165.20 OK
r-release-linux-x86_64 0.8.0 4.42 62.48 66.90 OK
r-release-osx-x86_64-mavericks 0.8.0 OK
r-release-windows-ix86+x86_64 0.8.0 18.00 108.00 126.00 OK
r-oldrel-windows-ix86+x86_64 0.7.0 21.00 138.00 159.00 ERROR

Check Details

Version: 0.7.0
Check: R code for possible problems
Result: NOTE
    prop : <anonymous>: no visible global function definition for
     'startsWith'
Flavor: r-oldrel-windows-ix86+x86_64

Version: 0.7.0
Check: examples
Result: ERROR
    Running examples in 'sjstats-Ex.R' failed
    The error most likely occurred in:
    
    > ### Name: prop
    > ### Title: Proportion of values in a vector
    > ### Aliases: prop
    >
    > ### ** Examples
    >
    > data(efc)
    >
    > # proportion of value 1 in e42dep
    > prop(efc, e42dep == 1)
    Error in FUN(X[[i]], ...) : could not find function "startsWith"
    Calls: prop -> lapply -> FUN
    Execution halted
Flavor: r-oldrel-windows-ix86+x86_64