CRAN Package Check Results for Package skeleSim

Last updated on 2017-02-24 23:52:54.

Flavor Version Tinstall Tcheck Ttotal Status Flags
r-devel-linux-x86_64-debian-clang 0.9.5 0.63 2.40 3.03 ERROR
r-devel-linux-x86_64-debian-gcc 0.9.5 8.23 82.79 91.03 OK
r-devel-linux-x86_64-fedora-clang 0.9.5 190.58 OK --no-stop-on-test-error
r-devel-linux-x86_64-fedora-gcc 0.9.5 200.32 OK --no-stop-on-test-error
r-devel-macos-x86_64-clang 0.9.5 155.01 OK --no-stop-on-test-error
r-devel-windows-ix86+x86_64 0.9.5 38.00 202.00 240.00 OK
r-patched-linux-x86_64 0.9.5 7.88 80.90 88.78 OK
r-patched-solaris-sparc 0.9.5 978.90 OK
r-patched-solaris-x86 0.9.5 244.50 OK
r-release-linux-x86_64 0.9.5 7.42 83.49 90.91 OK
r-release-osx-x86_64-mavericks 0.9.5 OK
r-release-windows-ix86+x86_64 0.9.5 37.00 135.00 172.00 OK
r-oldrel-windows-ix86+x86_64 0.9.5 24.00 205.00 229.00 OK

Check Details

Version: 0.9.5
Check: package dependencies
Result: ERROR
    Package required but not available: ‘rmetasim’
    
    See section ‘The DESCRIPTION file’ in the ‘Writing R Extensions’
    manual.
Flavor: r-devel-linux-x86_64-debian-clang