CRAN Package Check Results for Package skm

Last updated on 2017-02-24 23:52:54.

Flavor Version Tinstall Tcheck Ttotal Status Flags
r-devel-linux-x86_64-debian-clang 0.1.5.4 35.24 369.53 404.77 NOTE
r-devel-linux-x86_64-debian-gcc 0.1.5.4 38.99 355.08 394.06 NOTE
r-devel-linux-x86_64-fedora-clang 0.1.5.4 843.90 NOTE --no-stop-on-test-error
r-devel-linux-x86_64-fedora-gcc 0.1.5.4 781.53 NOTE --no-stop-on-test-error
r-devel-macos-x86_64-clang 0.1.5.4 880.65 NOTE --no-stop-on-test-error
r-devel-windows-ix86+x86_64 0.1.5.4 226.00 992.00 1218.00 WARN
r-patched-linux-x86_64 0.1.5.4 31.23 360.00 391.22 NOTE
r-patched-solaris-sparc 0.1.5.4 5882.50 WARN
r-patched-solaris-x86 0.1.5.4 1979.10 WARN
r-release-linux-x86_64 0.1.5.4 31.28 390.97 422.24 NOTE
r-release-osx-x86_64-mavericks 0.1.5.4 NOTE
r-release-windows-ix86+x86_64 0.1.5.4 147.00 991.00 1138.00 NOTE
r-oldrel-windows-ix86+x86_64 0.1.5.4 191.00 1064.00 1255.00 NOTE

Check Details

Version: 0.1.5.4
Check: for GNU extensions in Makefiles
Result: NOTE
    GNU make is a SystemRequirements.
Flavors: r-devel-linux-x86_64-debian-clang, r-devel-linux-x86_64-debian-gcc, r-devel-windows-ix86+x86_64, r-patched-linux-x86_64, r-patched-solaris-sparc, r-patched-solaris-x86, r-release-linux-x86_64, r-release-osx-x86_64-mavericks, r-release-windows-ix86+x86_64, r-oldrel-windows-ix86+x86_64

Version: 0.1.5.4
Check: compiled code
Result: NOTE
    File ‘skm/libs/skm.so’:
     Found no calls to: ‘R_registerRoutines’, ‘R_useDynamicSymbols’
    
    It is good practice to register native routines and to disable symbol
    search.
    
    See ‘Writing portable packages’ in the ‘Writing R Extensions’ manual.
Flavors: r-devel-linux-x86_64-debian-clang, r-devel-linux-x86_64-debian-gcc

Version: 0.1.5.4
Flags: --no-stop-on-test-error
Check: installed package size
Result: NOTE
     installed size is 5.6Mb
     sub-directories of 1Mb or more:
     doc 1.1Mb
     libs 3.5Mb
Flavors: r-devel-linux-x86_64-fedora-clang, r-devel-linux-x86_64-fedora-gcc

Version: 0.1.5.4
Flags: --no-stop-on-test-error
Check: for GNU extensions in Makefiles
Result: NOTE
    GNU make is a SystemRequirements.
Flavors: r-devel-linux-x86_64-fedora-clang, r-devel-linux-x86_64-fedora-gcc, r-devel-macos-x86_64-clang

Version: 0.1.5.4
Flags: --no-stop-on-test-error
Check: compiled code
Result: NOTE
    File ‘skm/libs/skm.so’:
     Found no calls to: ‘R_registerRoutines’, ‘R_useDynamicSymbols’
    
    It is good practice to register native routines and to disable symbol
    search.
    
    See ‘Writing portable packages’ in the ‘Writing R Extensions’ manual.
Flavors: r-devel-linux-x86_64-fedora-clang, r-devel-linux-x86_64-fedora-gcc, r-devel-macos-x86_64-clang

Version: 0.1.5.4
Check: whether package can be installed
Result: WARN
    Found the following significant warnings:
     d:/RCompile/CRANpkg/lib/3.4/RcppParallel/include/tthread/tinythread.h:632:14: warning: ISO C++ 1998 does not support 'long long' [-Wlong-long]
     d:/RCompile/CRANpkg/lib/3.4/RcppParallel/include/tbb/tbb_stddef.h:463:37: warning: ISO C++ 1998 does not support 'long long' [-Wlong-long]
     d:/RCompile/CRANpkg/lib/3.4/RcppParallel/include/tbb/atomic.h:29:30: warning: ISO C++ 1998 does not support 'long long' [-Wlong-long]
     d:/RCompile/CRANpkg/lib/3.4/RcppParallel/include/tbb/tick_count.h:42:14: warning: ISO C++ 1998 does not support 'long long' [-Wlong-long]
     d:/RCompile/CRANpkg/lib/3.4/RcppParallel/include/tbb/tick_count.h:43:35: warning: ISO C++ 1998 does not support 'long long' [-Wlong-long]
     d:/RCompile/CRANpkg/lib/3.4/RcppParallel/include/tbb/tick_count.h:75:21: warning: ISO C++ 1998 does not support 'long long' [-Wlong-long]
     d:/RCompile/CRANpkg/lib/3.4/RcppParallel/include/tbb/tick_count.h:102:10: warning: ISO C++ 1998 does not support 'long long' [-Wlong-long]
     d:/RCompile/CRANpkg/lib/3.4/RcppParallel/include/tbb/tick_count.h:80:37: warning: ISO C++ 1998 does not support 'long long' [-Wlong-long]
     d:/RCompile/CRANpkg/lib/3.4/RcppParallel/include/tbb/tick_count.h:127:30: warning: ISO C++ 1998 does not support 'long long' [-Wlong-long]
Flavor: r-devel-windows-ix86+x86_64

Version: 0.1.5.4
Check: re-building of vignette outputs
Result: WARN
    Error in re-building vignettes:
     ...
    Warning in engine$weave(file, quiet = quiet, encoding = enc) :
     Pandoc (>= 1.12.3) and/or pandoc-citeproc not available. Falling back to R Markdown v1.
    Loading required package: magrittr
    Loading required package: data.table
    skm_mls: skm solver via skm_mls_cpp ...
    
    skm_mls: auto_create g w.r.t first letter of s_name.
    
    skm_mls: optimizing on k <1> ...
    
    skm_mls: optimizing on k <1> ... done.
    
    skm_mls: optimizing on k <2> ...
    
    skm_mls: set extra runs based on previous optim s ...
    
    skm_mls: set extra runs based on previous optim s ... done.
    
    skm_mls: optimizing on k <2> ... done.
    
    skm_mls: optimizing on k <3> ...
    
    skm_mls: set extra runs based on previous optim s ...
    
    skm_mls: set extra runs based on previous optim s ... done.
    
    skm_mls: optimizing on k <3> ... done.
    
    skm_mls: optimizing on k <4> ...
    
    skm_mls: set extra runs based on previous optim s ...
    
    skm_mls: set extra runs based on previous optim s ... done.
    
    skm_mls: optimizing on k <4> ... done.
    
    skm_mls: optimizing on k <5> ...
    
    skm_mls: set extra runs based on previous optim s ...
    
    skm_mls: set extra runs based on previous optim s ... done.
    
    skm_mls: optimizing on k <5> ... done.
    
    skm_mls: optimizing on k <6> ...
    
    skm_mls: set extra runs based on previous optim s ...
    
    skm_mls: set extra runs based on previous optim s ... done.
    
    skm_mls: optimizing on k <6> ... done.
    
    skm_mls: optimizing on k <7> ...
    
    skm_mls: set extra runs based on previous optim s ...
    
    skm_mls: encounter better solution at jk <45> run based on previous optim s ...
    
    skm_mls: set extra runs based on previous optim s ... done.
    
    skm_mls: optimizing on k <7> ... done.
    
    skm_mls: optimizing on k <8> ...
Flavor: r-patched-solaris-sparc

Version: 0.1.5.4
Check: re-building of vignette outputs
Result: WARN
    Error in re-building vignettes:
     ...
    Warning in engine$weave(file, quiet = quiet, encoding = enc) :
     Pandoc (>= 1.12.3) and/or pandoc-citeproc not available. Falling back to R Markdown v1.
    Loading required package: magrittr
    Loading required package: data.table
    skm_mls: skm solver via skm_mls_cpp ...
    
    skm_mls: auto_create g w.r.t first letter of s_name.
    
    skm_mls: optimizing on k <1> ...
    
    skm_mls: optimizing on k <1> ... done.
    
    skm_mls: optimizing on k <2> ...
    
    skm_mls: set extra runs based on previous optim s ...
    
    skm_mls: set extra runs based on previous optim s ... done.
    
    skm_mls: optimizing on k <2> ... done.
    
    skm_mls: optimizing on k <3> ...
    
    skm_mls: set extra runs based on previous optim s ...
    
    skm_mls: set extra runs based on previous optim s ... done.
    
    skm_mls: optimizing on k <3> ... done.
    
    skm_mls: optimizing on k <4> ...
    
    skm_mls: set extra runs based on previous optim s ...
    
    skm_mls: set extra runs based on previous optim s ... done.
    
    skm_mls: optimizing on k <4> ... done.
    
    skm_mls: optimizing on k <5> ...
    
    skm_mls: set extra runs based on previous optim s ...
    
    skm_mls: set extra runs based on previous optim s ... done.
    
    skm_mls: optimizing on k <5> ... done.
    
    skm_mls: optimizing on k <6> ...
    
    skm_mls: set extra runs based on previous optim s ...
    
    skm_mls: set extra runs based on previous optim s ... done.
    
    skm_mls: optimizing on k <6> ... done.
    
    skm_mls: optimizing on k <7> ...
    
    skm_mls: set extra runs based on previous optim s ...
    
    skm_mls: encounter better solution at jk <4> run based on previous optim s ...
    
    skm_mls: set extra runs based on previous optim s ... done.
    
    skm_mls: optimizing on k <7> ... done.
    
    skm_mls: optimizing on k <8> ...
Flavor: r-patched-solaris-x86

Version: 0.1.5.4
Check: installed package size
Result: NOTE
     installed size is 6.1Mb
     sub-directories of 1Mb or more:
     doc 1.1Mb
     libs 4.0Mb
Flavor: r-release-osx-x86_64-mavericks