CRAN Package Check Results for Package smooth

Last updated on 2017-02-24 23:52:54.

Flavor Version Tinstall Tcheck Ttotal Status Flags
r-devel-linux-x86_64-debian-clang 1.6.3 25.20 161.72 186.93 NOTE
r-devel-linux-x86_64-debian-gcc 1.6.3 26.30 151.79 178.08 NOTE
r-devel-linux-x86_64-fedora-clang 1.6.3 352.26 NOTE --no-stop-on-test-error
r-devel-linux-x86_64-fedora-gcc 1.6.3 344.86 NOTE --no-stop-on-test-error
r-devel-macos-x86_64-clang 1.6.3 261.11 NOTE --no-stop-on-test-error
r-devel-windows-ix86+x86_64 1.6.3 128.00 425.00 553.00 OK
r-patched-linux-x86_64 1.6.3 23.21 134.84 158.05 OK
r-patched-solaris-sparc 1.6.3 1869.70 OK
r-patched-solaris-x86 1.6.3 296.10 OK
r-release-linux-x86_64 1.6.3 22.49 141.83 164.32 OK
r-release-osx-x86_64-mavericks 1.6.3 NOTE
r-release-windows-ix86+x86_64 1.6.3 91.00 322.00 413.00 OK
r-oldrel-windows-ix86+x86_64 1.6.3 104.00 440.00 544.00 OK

Check Details

Version: 1.6.3
Check: compiled code
Result: NOTE
    File ‘smooth/libs/smooth.so’:
     Found no calls to: ‘R_registerRoutines’, ‘R_useDynamicSymbols’
    
    It is good practice to register native routines and to disable symbol
    search.
    
    See ‘Writing portable packages’ in the ‘Writing R Extensions’ manual.
Flavors: r-devel-linux-x86_64-debian-clang, r-devel-linux-x86_64-debian-gcc

Version: 1.6.3
Flags: --no-stop-on-test-error
Check: installed package size
Result: NOTE
     installed size is 6.3Mb
     sub-directories of 1Mb or more:
     doc 2.1Mb
     libs 3.8Mb
Flavors: r-devel-linux-x86_64-fedora-clang, r-devel-linux-x86_64-fedora-gcc

Version: 1.6.3
Flags: --no-stop-on-test-error
Check: compiled code
Result: NOTE
    File ‘smooth/libs/smooth.so’:
     Found no calls to: ‘R_registerRoutines’, ‘R_useDynamicSymbols’
    
    It is good practice to register native routines and to disable symbol
    search.
    
    See ‘Writing portable packages’ in the ‘Writing R Extensions’ manual.
Flavors: r-devel-linux-x86_64-fedora-clang, r-devel-linux-x86_64-fedora-gcc, r-devel-macos-x86_64-clang

Version: 1.6.3
Check: installed package size
Result: NOTE
     installed size is 6.8Mb
     sub-directories of 1Mb or more:
     doc 2.1Mb
     libs 4.4Mb
Flavor: r-release-osx-x86_64-mavericks