CRAN Package Check Results for Package smoothmest

Last updated on 2017-02-24 23:52:54.

Flavor Version Tinstall Tcheck Ttotal Status Flags
r-devel-linux-x86_64-debian-clang 0.1-2 0.67 13.94 14.61 NOTE
r-devel-linux-x86_64-debian-gcc 0.1-2 0.64 13.41 14.05 NOTE
r-devel-linux-x86_64-fedora-clang 0.1-2 21.86 NOTE --no-stop-on-test-error
r-devel-linux-x86_64-fedora-gcc 0.1-2 21.20 NOTE --no-stop-on-test-error
r-devel-macos-x86_64-clang 0.1-2 20.68 NOTE --no-stop-on-test-error
r-devel-windows-ix86+x86_64 0.1-2 11.00 49.00 60.00 NOTE
r-patched-linux-x86_64 0.1-2 0.57 11.16 11.73 NOTE
r-patched-solaris-sparc 0.1-2 109.80 NOTE
r-patched-solaris-x86 0.1-2 26.60 NOTE
r-release-linux-x86_64 0.1-2 0.63 11.34 11.97 NOTE
r-release-osx-x86_64-mavericks 0.1-2 NOTE
r-release-windows-ix86+x86_64 0.1-2 5.00 47.00 52.00 NOTE
r-oldrel-windows-ix86+x86_64 0.1-2 6.00 33.00 39.00 NOTE

Check Details

Version: 0.1-2
Check: dependencies in R code
Result: NOTE
    'library' or 'require' call to ‘MASS’ which was already attached by Depends.
     Please remove these calls from your code.
Flavors: r-devel-linux-x86_64-debian-clang, r-devel-linux-x86_64-debian-gcc, r-devel-windows-ix86+x86_64, r-patched-linux-x86_64, r-patched-solaris-sparc, r-patched-solaris-x86, r-release-linux-x86_64, r-release-osx-x86_64-mavericks, r-release-windows-ix86+x86_64, r-oldrel-windows-ix86+x86_64

Version: 0.1-2
Check: R code for possible problems
Result: NOTE
    edhuber: no visible global function definition for ‘dnorm’
    edhuber: no visible global function definition for ‘pnorm’
    flikcauchy: no visible global function definition for ‘dcauchy’
    flikcauchy: no visible global function definition for ‘dnorm’
    likcauchy: no visible global function definition for ‘dcauchy’
    mbisquare: no visible global function definition for ‘mad’
    mbisquare: no visible global function definition for ‘median’
    mlcauchy: no visible global function definition for ‘mad’
    mlcauchy: no visible global function definition for ‘median’
    pitman: no visible global function definition for ‘mad’
    pitman: no visible global function definition for ‘integrate’
    pitman: no visible global function definition for ‘median’
    rdoublex: no visible global function definition for ‘rexp’
    rhuber: no visible global function definition for ‘rexp’
    rhuber: no visible global function definition for ‘runif’
    sehuber: no visible global function definition for ‘mad’
    sehuber: no visible global function definition for ‘median’
    smbisquare: no visible global function definition for ‘mad’
    smbisquare: no visible global function definition for ‘median’
    smbpsi: no visible global function definition for ‘dnorm’
    smbpsid: no visible global function definition for ‘dnorm’
    smbpsidi: no visible global function definition for ‘integrate’
    smbpsii: no visible global function definition for ‘integrate’
    smcauchy: no visible global function definition for ‘mad’
    smcauchy: no visible global function definition for ‘median’
    smcipsi: no visible global function definition for ‘dnorm’
    smcipsid: no visible global function definition for ‘dnorm’
    smcpsi: no visible global function definition for ‘integrate’
    smcpsid: no visible global function definition for ‘integrate’
    smhuber: no visible global function definition for ‘mad’
    smhuber: no visible global function definition for ‘median’
    smoothm: no visible global function definition for ‘mad’
    smpmed: no visible global function definition for ‘pnorm’
    smpsi: no visible global function definition for ‘pnorm’
    smpsi: no visible global function definition for ‘dnorm’
    smtfcauchy: no visible global function definition for ‘integrate’
    Undefined global functions or variables:
     dcauchy dnorm integrate mad median pnorm rexp runif
    Consider adding
     importFrom("stats", "dcauchy", "dnorm", "integrate", "mad", "median",
     "pnorm", "rexp", "runif")
    to your NAMESPACE file.
Flavors: r-devel-linux-x86_64-debian-clang, r-devel-linux-x86_64-debian-gcc, r-devel-windows-ix86+x86_64, r-patched-linux-x86_64, r-patched-solaris-sparc, r-patched-solaris-x86, r-release-linux-x86_64, r-release-osx-x86_64-mavericks, r-release-windows-ix86+x86_64

Version: 0.1-2
Flags: --no-stop-on-test-error
Check: dependencies in R code
Result: NOTE
    'library' or 'require' call to ‘MASS’ which was already attached by Depends.
     Please remove these calls from your code.
Flavors: r-devel-linux-x86_64-fedora-clang, r-devel-linux-x86_64-fedora-gcc, r-devel-macos-x86_64-clang

Version: 0.1-2
Flags: --no-stop-on-test-error
Check: R code for possible problems
Result: NOTE
    edhuber: no visible global function definition for ‘dnorm’
    edhuber: no visible global function definition for ‘pnorm’
    flikcauchy: no visible global function definition for ‘dcauchy’
    flikcauchy: no visible global function definition for ‘dnorm’
    likcauchy: no visible global function definition for ‘dcauchy’
    mbisquare: no visible global function definition for ‘mad’
    mbisquare: no visible global function definition for ‘median’
    mlcauchy: no visible global function definition for ‘mad’
    mlcauchy: no visible global function definition for ‘median’
    pitman: no visible global function definition for ‘mad’
    pitman: no visible global function definition for ‘integrate’
    pitman: no visible global function definition for ‘median’
    rdoublex: no visible global function definition for ‘rexp’
    rhuber: no visible global function definition for ‘rexp’
    rhuber: no visible global function definition for ‘runif’
    sehuber: no visible global function definition for ‘mad’
    sehuber: no visible global function definition for ‘median’
    smbisquare: no visible global function definition for ‘mad’
    smbisquare: no visible global function definition for ‘median’
    smbpsi: no visible global function definition for ‘dnorm’
    smbpsid: no visible global function definition for ‘dnorm’
    smbpsidi: no visible global function definition for ‘integrate’
    smbpsii: no visible global function definition for ‘integrate’
    smcauchy: no visible global function definition for ‘mad’
    smcauchy: no visible global function definition for ‘median’
    smcipsi: no visible global function definition for ‘dnorm’
    smcipsid: no visible global function definition for ‘dnorm’
    smcpsi: no visible global function definition for ‘integrate’
    smcpsid: no visible global function definition for ‘integrate’
    smhuber: no visible global function definition for ‘mad’
    smhuber: no visible global function definition for ‘median’
    smoothm: no visible global function definition for ‘mad’
    smpmed: no visible global function definition for ‘pnorm’
    smpsi: no visible global function definition for ‘pnorm’
    smpsi: no visible global function definition for ‘dnorm’
    smtfcauchy: no visible global function definition for ‘integrate’
    Undefined global functions or variables:
     dcauchy dnorm integrate mad median pnorm rexp runif
    Consider adding
     importFrom("stats", "dcauchy", "dnorm", "integrate", "mad", "median",
     "pnorm", "rexp", "runif")
    to your NAMESPACE file.
Flavors: r-devel-linux-x86_64-fedora-clang, r-devel-linux-x86_64-fedora-gcc, r-devel-macos-x86_64-clang