CRAN Package Check Results for Package sparkline

Last updated on 2017-02-24 23:52:55.

Flavor Version Tinstall Tcheck Ttotal Status Flags
r-devel-linux-x86_64-debian-clang 2.0 0.95 16.65 17.61 OK
r-devel-linux-x86_64-debian-gcc 2.0 0.91 16.54 17.45 OK
r-devel-linux-x86_64-fedora-clang 2.0 32.80 OK --no-stop-on-test-error
r-devel-linux-x86_64-fedora-gcc 2.0 38.28 OK --no-stop-on-test-error
r-devel-macos-x86_64-clang 2.0 27.18 OK --no-stop-on-test-error
r-devel-windows-ix86+x86_64 2.0 11.00 38.00 49.00 OK
r-patched-linux-x86_64 2.0 0.84 13.02 13.87 OK
r-patched-solaris-sparc 2.0 164.40 WARN
r-patched-solaris-x86 2.0 38.80 WARN
r-release-linux-x86_64 2.0 0.89 13.46 14.35 OK
r-release-osx-x86_64-mavericks 2.0 WARN
r-release-windows-ix86+x86_64 2.0 5.00 46.00 51.00 OK
r-oldrel-windows-ix86+x86_64 2.0 6.00 40.00 46.00 OK

Check Details

Version: 2.0
Check: re-building of vignette outputs
Result: WARN
    Error in re-building vignettes:
     ...
    Warning in engine$weave(file, quiet = quiet, encoding = enc) :
     Pandoc (>= 1.12.3) and/or pandoc-citeproc not available. Falling back to R Markdown v1.
    PhantomJS not found. You can install it with webshot::install_phantomjs(). If it is installed, please make sure the phantomjs executable can be found via the PATH variable.
    Warning in normalizePath(f2) :
     path[1]="./webshot33637396a8d.png": No such file or directory
    Warning in file(con, "rb") :
     cannot open file './webshot33637396a8d.png': No such file or directory
    Quitting from lines 20-30 (intro_sparkline.Rmd)
    Error: processing vignette 'intro_sparkline.Rmd' failed with diagnostics:
    cannot open the connection
    Execution halted
Flavor: r-patched-solaris-sparc

Version: 2.0
Check: re-building of vignette outputs
Result: WARN
    Error in re-building vignettes:
     ...
    Warning in engine$weave(file, quiet = quiet, encoding = enc) :
     Pandoc (>= 1.12.3) and/or pandoc-citeproc not available. Falling back to R Markdown v1.
    PhantomJS not found. You can install it with webshot::install_phantomjs(). If it is installed, please make sure the phantomjs executable can be found via the PATH variable.
    Warning in normalizePath(f2) :
     path[1]="./webshot2ab334ce7231.png": No such file or directory
    Warning in file(con, "rb") :
     cannot open file './webshot2ab334ce7231.png': No such file or directory
    Quitting from lines 20-30 (intro_sparkline.Rmd)
    Error: processing vignette 'intro_sparkline.Rmd' failed with diagnostics:
    cannot open the connection
    Execution halted
Flavor: r-patched-solaris-x86

Version: 2.0
Check: re-building of vignette outputs
Result: WARN
    Error in re-building vignettes:
     ...
    Warning in engine$weave(file, quiet = quiet, encoding = enc) :
     Pandoc (>= 1.12.3) and/or pandoc-citeproc not available. Falling back to R Markdown v1.
    PhantomJS not found. You can install it with webshot::install_phantomjs(). If it is installed, please make sure the phantomjs executable can be found via the PATH variable.
    Warning in normalizePath(f2) :
     path[1]="./webshotc2412bdcf402.png": No such file or directory
    Warning in file(con, "rb") :
     cannot open file './webshotc2412bdcf402.png': No such file or directory
    Quitting from lines 20-30 (intro_sparkline.Rmd)
    Error: processing vignette 'intro_sparkline.Rmd' failed with diagnostics:
    cannot open the connection
    Execution halted
Flavor: r-release-osx-x86_64-mavericks