CRAN Package Check Results for Package sparseBC

Last updated on 2017-02-24 23:52:55.

Flavor Version Tinstall Tcheck Ttotal Status Flags
r-devel-linux-x86_64-debian-clang 1.1 1.71 24.32 26.03 NOTE
r-devel-linux-x86_64-debian-gcc 1.1 1.55 24.58 26.13 NOTE
r-devel-linux-x86_64-fedora-clang 1.1 49.81 NOTE --no-stop-on-test-error
r-devel-linux-x86_64-fedora-gcc 1.1 63.97 NOTE --no-stop-on-test-error
r-devel-macos-x86_64-clang 1.1 39.86 NOTE --no-stop-on-test-error
r-devel-windows-ix86+x86_64 1.1 11.00 73.00 84.00 NOTE
r-patched-linux-x86_64 1.1 1.83 22.44 24.27 NOTE
r-patched-solaris-sparc 1.1 282.80 NOTE
r-patched-solaris-x86 1.1 63.70 NOTE
r-release-linux-x86_64 1.1 1.52 23.51 25.04 NOTE
r-release-osx-x86_64-mavericks 1.1 NOTE
r-release-windows-ix86+x86_64 1.1 7.00 63.00 70.00 NOTE
r-oldrel-windows-ix86+x86_64 1.1 8.00 95.00 103.00 OK

Check Details

Version: 1.1
Check: R code for possible problems
Result: NOTE
    image.matrixBC: no visible global function definition for ‘dev.new’
    image.matrixBC: no visible global function definition for ‘image’
    image.matrixBC: no visible global function definition for ‘heat.colors’
    image.matrixBC: no visible global function definition for ‘axis’
    image.matrixBC: no visible global function definition for ‘title’
    image.sparseBC: no visible global function definition for ‘dev.new’
    image.sparseBC: no visible global function definition for ‘image’
    image.sparseBC: no visible global function definition for ‘heat.colors’
    image.sparseBC: no visible global function definition for ‘axis’
    image.sparseBC: no visible global function definition for ‘tail’
    image.sparseBC: no visible global function definition for ‘title’
    matrixBC: no visible global function definition for ‘kmeans’
    sparseBC: no visible global function definition for ‘kmeans’
    sparseBC.choosekr: no visible global function definition for ‘kmeans’
    sparseBC.choosekr: no visible binding for global variable ‘sd’
    Undefined global functions or variables:
     axis dev.new heat.colors image kmeans sd tail title
    Consider adding
     importFrom("grDevices", "dev.new", "heat.colors")
     importFrom("graphics", "axis", "image", "title")
     importFrom("stats", "kmeans", "sd")
     importFrom("utils", "tail")
    to your NAMESPACE file.
Flavors: r-devel-linux-x86_64-debian-clang, r-devel-linux-x86_64-debian-gcc, r-devel-windows-ix86+x86_64, r-patched-linux-x86_64, r-patched-solaris-sparc, r-patched-solaris-x86, r-release-linux-x86_64, r-release-osx-x86_64-mavericks, r-release-windows-ix86+x86_64

Version: 1.1
Flags: --no-stop-on-test-error
Check: R code for possible problems
Result: NOTE
    image.matrixBC: no visible global function definition for ‘dev.new’
    image.matrixBC: no visible global function definition for ‘image’
    image.matrixBC: no visible global function definition for ‘heat.colors’
    image.matrixBC: no visible global function definition for ‘axis’
    image.matrixBC: no visible global function definition for ‘title’
    image.sparseBC: no visible global function definition for ‘dev.new’
    image.sparseBC: no visible global function definition for ‘image’
    image.sparseBC: no visible global function definition for ‘heat.colors’
    image.sparseBC: no visible global function definition for ‘axis’
    image.sparseBC: no visible global function definition for ‘tail’
    image.sparseBC: no visible global function definition for ‘title’
    matrixBC: no visible global function definition for ‘kmeans’
    sparseBC: no visible global function definition for ‘kmeans’
    sparseBC.choosekr: no visible global function definition for ‘kmeans’
    sparseBC.choosekr: no visible binding for global variable ‘sd’
    Undefined global functions or variables:
     axis dev.new heat.colors image kmeans sd tail title
    Consider adding
     importFrom("grDevices", "dev.new", "heat.colors")
     importFrom("graphics", "axis", "image", "title")
     importFrom("stats", "kmeans", "sd")
     importFrom("utils", "tail")
    to your NAMESPACE file.
Flavors: r-devel-linux-x86_64-fedora-clang, r-devel-linux-x86_64-fedora-gcc, r-devel-macos-x86_64-clang