CRAN Package Check Results for Package specmine

Last updated on 2017-02-24 23:52:56.

Flavor Version Tinstall Tcheck Ttotal Status Flags
r-devel-linux-x86_64-debian-clang 1.0 8.87 132.85 141.72 NOTE
r-devel-linux-x86_64-debian-gcc 1.0 12.26 130.36 142.62 NOTE
r-devel-linux-x86_64-fedora-clang 1.0 282.98 NOTE --no-stop-on-test-error
r-devel-linux-x86_64-fedora-gcc 1.0 285.09 NOTE --no-stop-on-test-error
r-devel-macos-x86_64-clang 1.0 204.91 NOTE --no-stop-on-test-error
r-devel-windows-ix86+x86_64 1.0 100.00 270.00 370.00 NOTE
r-patched-linux-x86_64 1.0 14.74 114.08 128.83 NOTE
r-release-linux-x86_64 1.0 11.23 113.82 125.05 NOTE
r-release-osx-x86_64-mavericks 1.0 NOTE
r-release-windows-ix86+x86_64 1.0 237.00 171.00 408.00 NOTE
r-oldrel-windows-ix86+x86_64 1.0 88.00 232.00 320.00 WARN

Check Details

Version: 1.0
Check: dependencies in R code
Result: NOTE
    Missing or unexported object: ‘ChemoSpec::readJDX’
Flavors: r-devel-linux-x86_64-debian-clang, r-devel-linux-x86_64-debian-gcc, r-devel-windows-ix86+x86_64, r-patched-linux-x86_64, r-release-linux-x86_64, r-release-windows-ix86+x86_64, r-oldrel-windows-ix86+x86_64

Version: 1.0
Flags: --no-stop-on-test-error
Check: dependencies in R code
Result: NOTE
    Missing or unexported object: ‘ChemoSpec::readJDX’
Flavors: r-devel-linux-x86_64-fedora-clang, r-devel-linux-x86_64-fedora-gcc, r-devel-macos-x86_64-clang

Version: 1.0
Check: dependencies in R code
Result: NOTE
    Invalid MIT-MAGIC-COOKIE-1 key
Flavor: r-release-osx-x86_64-mavericks

Version: 1.0
Check: examples
Result: WARN
    Found the following significant warnings:
    
     Warning: 'loadRcppModules' is deprecated.
    Deprecated functions may be defunct as soon as of the next release of
    R.
    See ?Deprecated.
Flavor: r-oldrel-windows-ix86+x86_64