CRAN Package Check Results for Package splusTimeDate

Last updated on 2017-02-24 23:52:56.

Flavor Version Tinstall Tcheck Ttotal Status Flags
r-devel-linux-x86_64-debian-clang 2.5.0-137 6.26 29.44 35.70 NOTE
r-devel-linux-x86_64-debian-gcc 2.5.0-137 6.69 29.06 35.75 NOTE
r-devel-linux-x86_64-fedora-clang 2.5.0-137 65.85 NOTE --no-stop-on-test-error
r-devel-linux-x86_64-fedora-gcc 2.5.0-137 72.73 NOTE --no-stop-on-test-error
r-devel-macos-x86_64-clang 2.5.0-137 52.24 NOTE --no-stop-on-test-error
r-devel-windows-ix86+x86_64 2.5.0-137 26.00 62.00 88.00 OK
r-patched-linux-x86_64 2.5.0-137 6.18 29.08 35.26 NOTE
r-patched-solaris-sparc 2.5.0-137 374.90 NOTE
r-patched-solaris-x86 2.5.0-137 80.90 NOTE
r-release-linux-x86_64 2.5.0-137 6.26 28.99 35.25 NOTE
r-release-osx-x86_64-mavericks 2.5.0-137 OK
r-release-windows-ix86+x86_64 2.5.0-137 24.00 61.00 85.00 OK
r-oldrel-windows-ix86+x86_64 2.5.0-137 29.00 93.00 122.00 OK

Check Details

Version: 2.5.0-137
Check: S3 generic/method consistency
Result: NOTE
    Found the following apparent S3 methods exported but not registered:
     all.equal.list all.equal.list
    See section ‘Registering S3 methods’ in the ‘Writing R Extensions’
    manual.
Flavors: r-devel-linux-x86_64-debian-clang, r-devel-linux-x86_64-debian-gcc, r-patched-linux-x86_64, r-patched-solaris-sparc, r-patched-solaris-x86, r-release-linux-x86_64

Version: 2.5.0-137
Flags: --no-stop-on-test-error
Check: S3 generic/method consistency
Result: NOTE
    Found the following apparent S3 methods exported but not registered:
     all.equal.list all.equal.list
    See section ‘Registering S3 methods’ in the ‘Writing R Extensions’
    manual.
Flavors: r-devel-linux-x86_64-fedora-clang, r-devel-linux-x86_64-fedora-gcc, r-devel-macos-x86_64-clang