CRAN Package Check Results for Package sptm

Last updated on 2017-02-24 23:52:56.

Flavor Version Tinstall Tcheck Ttotal Status Flags
r-devel-linux-x86_64-debian-clang 16.7-9 3.28 42.77 46.05 NOTE
r-devel-linux-x86_64-debian-gcc 16.7-9 3.17 41.96 45.13 NOTE
r-devel-linux-x86_64-fedora-clang 16.7-9 103.76 NOTE --no-stop-on-test-error
r-devel-linux-x86_64-fedora-gcc 16.7-9 104.79 NOTE --no-stop-on-test-error
r-devel-macos-x86_64-clang 16.7-9 75.61 NOTE --no-stop-on-test-error
r-devel-windows-ix86+x86_64 16.7-9 29.00 150.00 179.00 OK
r-patched-linux-x86_64 16.7-9 3.03 37.71 40.74 OK
r-patched-solaris-sparc 16.7-9 488.00 OK
r-patched-solaris-x86 16.7-9 136.30 OK
r-release-linux-x86_64 16.7-9 2.90 37.18 40.08 OK
r-release-osx-x86_64-mavericks 16.7-9 OK
r-release-windows-ix86+x86_64 16.7-9 16.00 132.00 148.00 OK
r-oldrel-windows-ix86+x86_64 16.7-9 15.00 135.00 150.00 OK

Check Details

Version: 16.7-9
Check: compiled code
Result: NOTE
    File ‘sptm/libs/sptm.so’:
     Found no calls to: ‘R_registerRoutines’, ‘R_useDynamicSymbols’
    
    It is good practice to register native routines and to disable symbol
    search.
    
    See ‘Writing portable packages’ in the ‘Writing R Extensions’ manual.
Flavors: r-devel-linux-x86_64-debian-clang, r-devel-linux-x86_64-debian-gcc

Version: 16.7-9
Flags: --no-stop-on-test-error
Check: compiled code
Result: NOTE
    File ‘sptm/libs/sptm.so’:
     Found no calls to: ‘R_registerRoutines’, ‘R_useDynamicSymbols’
    
    It is good practice to register native routines and to disable symbol
    search.
    
    See ‘Writing portable packages’ in the ‘Writing R Extensions’ manual.
Flavors: r-devel-linux-x86_64-fedora-clang, r-devel-linux-x86_64-fedora-gcc, r-devel-macos-x86_64-clang