CRAN Package Check Results for Package starmie

Last updated on 2017-02-24 23:52:56.

Flavor Version Tinstall Tcheck Ttotal Status Flags
r-devel-linux-x86_64-debian-clang 0.1.2 3.53 97.84 101.36 OK
r-devel-linux-x86_64-debian-gcc 0.1.2 4.20 96.59 100.78 OK
r-devel-linux-x86_64-fedora-clang 0.1.2 209.95 NOTE --no-stop-on-test-error
r-devel-linux-x86_64-fedora-gcc 0.1.2 206.99 NOTE --no-stop-on-test-error
r-devel-macos-x86_64-clang 0.1.2 165.60 NOTE --no-stop-on-test-error
r-devel-windows-ix86+x86_64 0.1.2 23.00 227.00 250.00 NOTE
r-patched-linux-x86_64 0.1.2 3.63 91.39 95.02 OK
r-patched-solaris-sparc 0.1.2 1079.80 NOTE
r-patched-solaris-x86 0.1.2 238.50 NOTE
r-release-linux-x86_64 0.1.2 4.03 86.92 90.95 OK
r-release-osx-x86_64-mavericks 0.1.2 NOTE
r-release-windows-ix86+x86_64 0.1.2 22.00 151.00 173.00 NOTE

Check Details

Version: 0.1.2
Flags: --no-stop-on-test-error
Check: installed package size
Result: NOTE
     installed size is 7.0Mb
     sub-directories of 1Mb or more:
     doc 1.1Mb
     extdata 4.9Mb
Flavors: r-devel-linux-x86_64-fedora-clang, r-devel-linux-x86_64-fedora-gcc, r-devel-macos-x86_64-clang

Version: 0.1.2
Flags: --no-stop-on-test-error
Check: dependencies in R code
Result: NOTE
    Namespace in Imports field not imported from: ‘MCMCpack’
     All declared Imports should be used.
Flavors: r-devel-linux-x86_64-fedora-clang, r-devel-linux-x86_64-fedora-gcc, r-devel-macos-x86_64-clang

Version: 0.1.2
Check: installed package size
Result: NOTE
     installed size is 6.9Mb
     sub-directories of 1Mb or more:
     doc 1.1Mb
     extdata 5.0Mb
Flavors: r-devel-windows-ix86+x86_64, r-patched-solaris-sparc, r-patched-solaris-x86, r-release-osx-x86_64-mavericks, r-release-windows-ix86+x86_64

Version: 0.1.2
Check: dependencies in R code
Result: NOTE
    Namespace in Imports field not imported from: ‘MCMCpack’
     All declared Imports should be used.
Flavors: r-patched-solaris-sparc, r-patched-solaris-x86, r-release-osx-x86_64-mavericks