Last updated on 2017-02-24 23:52:56.
Flavor | Version | Tinstall | Tcheck | Ttotal | Status | Flags |
---|---|---|---|---|---|---|
r-devel-linux-x86_64-debian-clang | 0.3.0 | 1.74 | 53.43 | 55.17 | OK | |
r-devel-linux-x86_64-debian-gcc | 0.3.0 | 1.71 | 52.54 | 54.24 | OK | |
r-devel-linux-x86_64-fedora-clang | 0.3.0 | 110.33 | NOTE | --no-stop-on-test-error | ||
r-devel-linux-x86_64-fedora-gcc | 0.3.0 | 108.65 | NOTE | --no-stop-on-test-error | ||
r-devel-macos-x86_64-clang | 0.3.0 | 87.49 | NOTE | --no-stop-on-test-error | ||
r-devel-windows-ix86+x86_64 | 0.3.0 | 9.00 | 97.00 | 106.00 | OK | |
r-patched-linux-x86_64 | 0.3.0 | 1.83 | 43.63 | 45.47 | OK | |
r-patched-solaris-sparc | 0.3.0 | 732.80 | NOTE | |||
r-patched-solaris-x86 | 0.3.0 | 119.80 | NOTE | |||
r-release-linux-x86_64 | 0.3.0 | 1.81 | 46.10 | 47.91 | OK | |
r-release-osx-x86_64-mavericks | 0.3.0 | NOTE | ||||
r-release-windows-ix86+x86_64 | 0.3.0 | 8.00 | 75.00 | 83.00 | OK | |
r-oldrel-windows-ix86+x86_64 | 0.3.0 | 9.00 | 164.00 | 173.00 | NOTE |
Version: 0.3.0
Flags: --no-stop-on-test-error
Check: dependencies in R code
Result: NOTE
Namespaces in Imports field not imported from:
‘magrittr’ ‘rpart’
All declared Imports should be used.
Flavors: r-devel-linux-x86_64-fedora-clang, r-devel-linux-x86_64-fedora-gcc, r-devel-macos-x86_64-clang
Version: 0.3.0
Check: dependencies in R code
Result: NOTE
Namespaces in Imports field not imported from:
‘magrittr’ ‘rpart’
All declared Imports should be used.
Flavors: r-patched-solaris-sparc, r-patched-solaris-x86, r-release-osx-x86_64-mavericks, r-oldrel-windows-ix86+x86_64