CRAN Package Check Results for Package steadyICA

Last updated on 2017-02-24 23:52:56.

Flavor Version Tinstall Tcheck Ttotal Status Flags
r-devel-linux-x86_64-debian-clang 1.0 5.36 24.91 30.27 NOTE
r-devel-linux-x86_64-debian-gcc 1.0 5.38 24.26 29.64 NOTE
r-devel-linux-x86_64-fedora-clang 1.0 55.50 NOTE --no-stop-on-test-error
r-devel-linux-x86_64-fedora-gcc 1.0 54.31 NOTE --no-stop-on-test-error
r-devel-macos-x86_64-clang 1.0 48.89 NOTE --no-stop-on-test-error
r-devel-windows-ix86+x86_64 1.0 51.00 106.00 157.00 OK
r-patched-linux-x86_64 1.0 4.60 22.26 26.86 OK
r-patched-solaris-sparc 1.0 305.80 OK
r-patched-solaris-x86 1.0 68.80 OK
r-release-linux-x86_64 1.0 4.60 22.25 26.85 OK
r-release-osx-x86_64-mavericks 1.0 OK
r-release-windows-ix86+x86_64 1.0 34.00 91.00 125.00 OK
r-oldrel-windows-ix86+x86_64 1.0 39.00 113.00 152.00 OK

Check Details

Version: 1.0
Check: compiled code
Result: NOTE
    File ‘steadyICA/libs/steadyICA.so’:
     Found no calls to: ‘R_registerRoutines’, ‘R_useDynamicSymbols’
    
    It is good practice to register native routines and to disable symbol
    search.
    
    See ‘Writing portable packages’ in the ‘Writing R Extensions’ manual.
Flavors: r-devel-linux-x86_64-debian-clang, r-devel-linux-x86_64-debian-gcc

Version: 1.0
Flags: --no-stop-on-test-error
Check: compiled code
Result: NOTE
    File ‘steadyICA/libs/steadyICA.so’:
     Found no calls to: ‘R_registerRoutines’, ‘R_useDynamicSymbols’
    
    It is good practice to register native routines and to disable symbol
    search.
    
    See ‘Writing portable packages’ in the ‘Writing R Extensions’ manual.
Flavors: r-devel-linux-x86_64-fedora-clang, r-devel-linux-x86_64-fedora-gcc, r-devel-macos-x86_64-clang