Last updated on 2017-02-24 23:52:57.
Flavor | Version | Tinstall | Tcheck | Ttotal | Status | Flags |
---|---|---|---|---|---|---|
r-devel-linux-x86_64-debian-clang | 0.1.0 | 1.94 | 144.57 | 146.50 | OK | |
r-devel-linux-x86_64-debian-gcc | 0.1.0 | 1.85 | 147.71 | 149.56 | OK | |
r-devel-linux-x86_64-fedora-clang | 0.1.0 | 283.10 | OK | --no-stop-on-test-error | ||
r-devel-linux-x86_64-fedora-gcc | 0.1.0 | 260.95 | OK | --no-stop-on-test-error | ||
r-devel-macos-x86_64-clang | 0.1.0 | 213.98 | OK | --no-stop-on-test-error | ||
r-devel-windows-ix86+x86_64 | 0.1.0 | 15.00 | 345.00 | 360.00 | OK | |
r-patched-linux-x86_64 | 0.1.0 | 1.83 | 132.86 | 134.69 | OK | |
r-patched-solaris-sparc | 0.1.0 | 1975.30 | OK | |||
r-patched-solaris-x86 | 0.1.0 | 368.00 | OK | |||
r-release-linux-x86_64 | 0.1.0 | 1.69 | 131.41 | 133.10 | OK | |
r-release-osx-x86_64-mavericks | 0.1.0 | WARN | ||||
r-release-windows-ix86+x86_64 | 0.1.0 | 10.00 | 243.00 | 253.00 | OK | |
r-oldrel-windows-ix86+x86_64 | 0.1.0 | 9.00 | 390.00 | 399.00 | OK |
Version: 0.1.0
Check: re-building of vignette outputs
Result: WARN
Error in re-building vignettes:
...
Attaching package: 'dplyr'
The following objects are masked from 'package:stats':
filter, lag
The following objects are masked from 'package:base':
intersect, setdiff, setequal, union
Attaching package: 'gridExtra'
The following object is masked from 'package:dplyr':
combine
Map from URL : http://maps.googleapis.com/maps/api/staticmap?center=georgia&zoom=5&size=640x640&scale=2&maptype=terrain&language=en-EN&sensor=false
Information from URL : http://maps.googleapis.com/maps/api/geocode/json?address=georgia&sensor=false
Quitting from lines 220-233 (Details.Rmd)
Error: processing vignette 'Details.Rmd' failed with diagnostics:
GeomRasterAnn was built with an incompatible version of ggproto.
Please reinstall the package that provides this extension.
Execution halted
Flavor: r-release-osx-x86_64-mavericks