CRAN Package Check Results for Package sunburstR

Last updated on 2017-02-24 23:52:57.

Flavor Version Tinstall Tcheck Ttotal Status Flags
r-devel-linux-x86_64-debian-clang 0.6.3 1.02 14.83 15.86 OK
r-devel-linux-x86_64-debian-gcc 0.6.3 3.02 14.60 17.62 OK
r-devel-linux-x86_64-fedora-clang 0.6.3 26.39 OK --no-stop-on-test-error
r-devel-linux-x86_64-fedora-gcc 0.6.3 23.99 OK --no-stop-on-test-error
r-devel-macos-x86_64-clang 0.6.3 22.74 OK --no-stop-on-test-error
r-devel-windows-ix86+x86_64 0.6.3 6.00 47.00 53.00 OK
r-patched-linux-x86_64 0.6.3 1.00 12.13 13.13 OK
r-patched-solaris-sparc 0.6.3 136.50 OK
r-patched-solaris-x86 0.6.3 32.70 OK
r-release-linux-x86_64 0.6.3 0.91 12.10 13.01 OK
r-release-osx-x86_64-mavericks 0.6.3 ERROR
r-release-windows-ix86+x86_64 0.6.3 5.00 44.00 49.00 OK
r-oldrel-windows-ix86+x86_64 0.6.3 5.00 62.00 67.00 OK

Check Details

Version: 0.6.3
Check: package dependencies
Result: ERROR
    Package required but not available: ‘d3r’
    
    See section ‘The DESCRIPTION file’ in the ‘Writing R Extensions’
    manual.
Flavor: r-release-osx-x86_64-mavericks