CRAN Package Check Results for Package survival

Last updated on 2017-02-24 23:52:57.

Flavor Version Tinstall Tcheck Ttotal Status Flags
r-devel-linux-x86_64-debian-clang 2.40-1 25.64 219.48 245.12 NOTE
r-devel-linux-x86_64-debian-gcc 2.40-1 24.78 213.49 238.26 NOTE
r-devel-linux-x86_64-fedora-clang 2.40-1 531.98 NOTE --no-stop-on-test-error
r-devel-linux-x86_64-fedora-gcc 2.40-1 513.87 NOTE --no-stop-on-test-error
r-devel-macos-x86_64-clang 2.40-1 399.23 NOTE --no-stop-on-test-error
r-devel-windows-ix86+x86_64 2.40-1 181.00 720.00 901.00 NOTE
r-patched-linux-x86_64 2.40-1 22.08 204.25 226.33 OK
r-patched-solaris-sparc 2.40-1 NOTE
r-patched-solaris-x86 2.40-1 NOTE
r-release-linux-x86_64 2.40-1 22.04 203.40 225.43 OK
r-release-osx-x86_64-mavericks 2.40-1 NOTE
r-release-windows-ix86+x86_64 2.40-1 115.00 679.00 794.00 NOTE
r-oldrel-windows-ix86+x86_64 2.40-1 166.00 1004.00 1170.00 NOTE

Memtest notes: valgrind

Check Details

Version: 2.40-1
Check: compiled code
Result: NOTE
    File ‘survival/libs/survival.so’:
     Found no call to: ‘R_useDynamicSymbols’
    
    It is good practice to register native routines and to disable symbol
    search.
    
    See ‘Writing portable packages’ in the ‘Writing R Extensions’ manual.
Flavors: r-devel-linux-x86_64-debian-clang, r-devel-linux-x86_64-debian-gcc

Version: 2.40-1
Flags: --no-stop-on-test-error
Check: installed package size
Result: NOTE
     installed size is 6.1Mb
     sub-directories of 1Mb or more:
     data 1.9Mb
     doc 2.5Mb
Flavors: r-devel-linux-x86_64-fedora-clang, r-devel-linux-x86_64-fedora-gcc, r-devel-macos-x86_64-clang

Version: 2.40-1
Flags: --no-stop-on-test-error
Check: compiled code
Result: NOTE
    File ‘survival/libs/survival.so’:
     Found no call to: ‘R_useDynamicSymbols’
    
    It is good practice to register native routines and to disable symbol
    search.
    
    See ‘Writing portable packages’ in the ‘Writing R Extensions’ manual.
Flavors: r-devel-linux-x86_64-fedora-clang, r-devel-linux-x86_64-fedora-gcc, r-devel-macos-x86_64-clang

Version: 2.40-1
Check: installed package size
Result: NOTE
     installed size is 5.9Mb
     sub-directories of 1Mb or more:
     data 1.9Mb
     doc 2.5Mb
Flavors: r-devel-windows-ix86+x86_64, r-patched-solaris-sparc, r-patched-solaris-x86, r-release-osx-x86_64-mavericks, r-release-windows-ix86+x86_64, r-oldrel-windows-ix86+x86_64