CRAN Package Check Results for Package svglite

Last updated on 2017-02-24 23:52:57.

Flavor Version Tinstall Tcheck Ttotal Status Flags
r-devel-linux-x86_64-debian-clang 1.2.0 9.38 20.05 29.44 NOTE
r-devel-linux-x86_64-debian-gcc 1.2.0 10.02 19.78 29.80 NOTE
r-devel-linux-x86_64-fedora-clang 1.2.0 55.96 NOTE --no-stop-on-test-error
r-devel-linux-x86_64-fedora-gcc 1.2.0 54.50 NOTE --no-stop-on-test-error
r-devel-macos-x86_64-clang 1.2.0 45.90 NOTE --no-stop-on-test-error
r-devel-windows-ix86+x86_64 1.2.0 64.00 87.00 151.00 OK
r-patched-linux-x86_64 1.2.0 8.83 15.49 24.32 OK
r-patched-solaris-sparc 1.2.0 279.10 OK
r-patched-solaris-x86 1.2.0 62.00 OK
r-release-linux-x86_64 1.2.0 8.48 15.63 24.10 OK
r-release-osx-x86_64-mavericks 1.2.0 OK
r-release-windows-ix86+x86_64 1.2.0 48.00 71.00 119.00 OK
r-oldrel-windows-ix86+x86_64 1.2.0 63.00 75.00 138.00 OK

Check Details

Version: 1.2.0
Check: compiled code
Result: NOTE
    File ‘svglite/libs/svglite.so’:
     Found no calls to: ‘R_registerRoutines’, ‘R_useDynamicSymbols’
    
    It is good practice to register native routines and to disable symbol
    search.
    
    See ‘Writing portable packages’ in the ‘Writing R Extensions’ manual.
Flavors: r-devel-linux-x86_64-debian-clang, r-devel-linux-x86_64-debian-gcc

Version: 1.2.0
Flags: --no-stop-on-test-error
Check: compiled code
Result: NOTE
    File ‘svglite/libs/svglite.so’:
     Found no calls to: ‘R_registerRoutines’, ‘R_useDynamicSymbols’
    
    It is good practice to register native routines and to disable symbol
    search.
    
    See ‘Writing portable packages’ in the ‘Writing R Extensions’ manual.
Flavors: r-devel-linux-x86_64-fedora-clang, r-devel-linux-x86_64-fedora-gcc, r-devel-macos-x86_64-clang