Last updated on 2017-02-24 23:52:58.
Flavor | Version | Tinstall | Tcheck | Ttotal | Status | Flags |
---|---|---|---|---|---|---|
r-devel-linux-x86_64-debian-clang | 1.2 | 1.02 | 27.90 | 28.92 | NOTE | |
r-devel-linux-x86_64-debian-gcc | 1.2 | 1.10 | 27.24 | 28.33 | NOTE | |
r-devel-linux-x86_64-fedora-clang | 1.2 | 51.10 | NOTE | --no-stop-on-test-error | ||
r-devel-linux-x86_64-fedora-gcc | 1.2 | 49.98 | NOTE | --no-stop-on-test-error | ||
r-devel-macos-x86_64-clang | 1.2 | 43.38 | NOTE | --no-stop-on-test-error | ||
r-devel-windows-ix86+x86_64 | 1.2 | 13.00 | 83.00 | 96.00 | NOTE | |
r-patched-linux-x86_64 | 1.2 | 1.04 | 23.94 | 24.98 | NOTE | |
r-patched-solaris-sparc | 1.2 | 259.20 | NOTE | |||
r-patched-solaris-x86 | 1.2 | 55.80 | NOTE | |||
r-release-linux-x86_64 | 1.2 | 0.92 | 23.84 | 24.76 | NOTE | |
r-release-osx-x86_64-mavericks | 1.2 | NOTE | ||||
r-release-windows-ix86+x86_64 | 1.2 | 6.00 | 70.00 | 76.00 | NOTE | |
r-oldrel-windows-ix86+x86_64 | 1.2 | 10.00 | 70.00 | 80.00 | NOTE |
Version: 1.2
Check: R code for possible problems
Result: NOTE
integrate.polynomial : f: no visible global function definition for
‘dmvnorm’
Undefined global functions or variables:
dmvnorm
Flavors: r-devel-linux-x86_64-debian-clang, r-devel-linux-x86_64-debian-gcc, r-devel-windows-ix86+x86_64, r-patched-linux-x86_64, r-patched-solaris-sparc, r-patched-solaris-x86, r-release-linux-x86_64, r-release-osx-x86_64-mavericks, r-release-windows-ix86+x86_64
Version: 1.2
Flags: --no-stop-on-test-error
Check: R code for possible problems
Result: NOTE
integrate.polynomial : f: no visible global function definition for
‘dmvnorm’
Undefined global functions or variables:
dmvnorm
Flavors: r-devel-linux-x86_64-fedora-clang, r-devel-linux-x86_64-fedora-gcc, r-devel-macos-x86_64-clang
Version: 1.2
Check: re-building of vignette outputs
Result: NOTE
Error in re-building vignettes:
...
input string 426 is invalid in this locale
Error in texi2dvi(file = file, pdf = TRUE, clean = clean, quiet = quiet, :
Running 'texi2dvi' on 'symmoments.tex' failed.
LaTeX errors:
! Undefined control sequence.
l.15 x<9c><ed>\Ol
^^S<cb>^^Y<ff>b;^^?^^\<c0><bb>+^^^<90><86>8<b1><b6><e5>E<b4><c1><a1><b2>z^^H^^R5<95>,UBꡕ,<bd>'<ae>O^^QG<de>^^A<e5>^^]...
The control sequence at the end of the top line
of your error message was never \def'ed. If you have
! Undefined control sequence.
l.16 <e9>j^^Op<b9>\<82>
<94><ac><aa><a2><de><d7>^^?<fc>à<89>f<b3><db><d0>y<88><eb><d2>-f=<99><d1>M]<dd>9<bd><b3><a7><fb><f0><f6><f7><f1>o<be><f2>5A<e0><86><a1><8a>zg<b7><95>.=<f7><e7><bf><fe><fb>?<e9><cd>...
The control sequence at the end of the top line
of your error message was never \def'ed. If you have
! LaTeX Error: Missing \begin{document}.
See the LaTeX manual or LaTeX Companion for explanation.
Type H <return> for immediate help.
...
! Missing $ inserted.
<inserted text>
$
l.16 ...<9e><be>x<f1><a2>,<cb>^^V<8b><85><e7><
Calls: buildVignettes -> texi2pdf -> texi2dvi
Execution halted
Flavor: r-release-osx-x86_64-mavericks
Version: 1.2
Check: R code for possible problems
Result: NOTE
integrate.polynomial : f: no visible global function definition for
'dmvnorm'
Flavor: r-oldrel-windows-ix86+x86_64