Last updated on 2017-02-24 23:52:58.
Flavor | Version | Tinstall | Tcheck | Ttotal | Status | Flags |
---|---|---|---|---|---|---|
r-devel-linux-x86_64-debian-clang | 0.2.12 | 1.05 | 23.59 | 24.64 | OK | |
r-devel-linux-x86_64-debian-gcc | 0.2.12 | 1.08 | 23.14 | 24.22 | OK | |
r-devel-linux-x86_64-fedora-clang | 0.2.12 | 43.06 | NOTE | --no-stop-on-test-error | ||
r-devel-linux-x86_64-fedora-gcc | 0.2.12 | 41.08 | NOTE | --no-stop-on-test-error | ||
r-devel-macos-x86_64-clang | 0.2.12 | 35.90 | NOTE | --no-stop-on-test-error | ||
r-devel-windows-ix86+x86_64 | 0.2.12 | 11.00 | 54.00 | 65.00 | OK | |
r-patched-linux-x86_64 | 0.2.12 | 1.15 | 18.22 | 19.37 | OK | |
r-patched-solaris-sparc | 0.2.12 | 189.80 | NOTE | |||
r-patched-solaris-x86 | 0.2.12 | 40.40 | NOTE | |||
r-release-linux-x86_64 | 0.2.12 | 1.02 | 18.15 | 19.18 | OK | |
r-release-osx-x86_64-mavericks | 0.2.12 | NOTE | ||||
r-release-windows-ix86+x86_64 | 0.2.12 | 7.00 | 56.00 | 63.00 | OK | |
r-oldrel-windows-ix86+x86_64 | 0.2.12 | 7.00 | 56.00 | 63.00 | NOTE |
Version: 0.2.12
Flags: --no-stop-on-test-error
Check: dependencies in R code
Result: NOTE
Namespace in Imports field not imported from: ‘shiny’
All declared Imports should be used.
Flavors: r-devel-linux-x86_64-fedora-clang, r-devel-linux-x86_64-fedora-gcc, r-devel-macos-x86_64-clang
Version: 0.2.12
Check: dependencies in R code
Result: NOTE
Namespace in Imports field not imported from: ‘shiny’
All declared Imports should be used.
Flavors: r-patched-solaris-sparc, r-patched-solaris-x86, r-release-osx-x86_64-mavericks, r-oldrel-windows-ix86+x86_64