Last updated on 2017-02-24 23:52:58.
Flavor | Version | Tinstall | Tcheck | Ttotal | Status | Flags |
---|---|---|---|---|---|---|
r-devel-linux-x86_64-debian-clang | 0.6 | 0.55 | 10.86 | 11.41 | OK | |
r-devel-linux-x86_64-debian-gcc | 0.6 | 0.58 | 10.90 | 11.48 | OK | |
r-devel-linux-x86_64-fedora-clang | 0.6 | 19.37 | OK | --no-stop-on-test-error | ||
r-devel-linux-x86_64-fedora-gcc | 0.6 | 17.41 | OK | --no-stop-on-test-error | ||
r-devel-macos-x86_64-clang | 0.6 | 17.77 | OK | --no-stop-on-test-error | ||
r-devel-windows-ix86+x86_64 | 0.6 | 7.00 | 44.00 | 51.00 | OK | |
r-patched-linux-x86_64 | 0.6 | 0.57 | 9.38 | 9.95 | OK | |
r-patched-solaris-sparc | 0.6 | 89.60 | OK | |||
r-patched-solaris-x86 | 0.6 | 23.30 | OK | |||
r-release-linux-x86_64 | 0.6 | 0.53 | 9.07 | 9.59 | OK | |
r-release-osx-x86_64-mavericks | 0.6 | OK | ||||
r-release-windows-ix86+x86_64 | 0.6 | 4.00 | 31.00 | 35.00 | OK | |
r-oldrel-windows-ix86+x86_64 | 0.6 | 6.00 | 52.00 | 58.00 | NOTE |
Version: 0.6
Check: R code for possible problems
Result: NOTE
test_pkg : <anonymous>: no visible global function definition for
'.traceback'
Flavor: r-oldrel-windows-ix86+x86_64